Last updated on 2023-05-28 00:56:20 CEST.
Flavor | Version | Tinstall | Tcheck | Ttotal | Status | Flags |
---|---|---|---|---|---|---|
r-devel-linux-x86_64-debian-clang | 0.0.1 | 2.64 | 26.52 | 29.16 | NOTE | |
r-devel-linux-x86_64-debian-gcc | 0.0.1 | 1.73 | 21.09 | 22.82 | NOTE | |
r-devel-linux-x86_64-fedora-clang | 0.0.1 | 36.92 | NOTE | |||
r-devel-linux-x86_64-fedora-gcc | 0.0.1 | 35.19 | NOTE | |||
r-devel-windows-x86_64 | 0.0.1 | 3.00 | 48.00 | 51.00 | NOTE | |
r-patched-linux-x86_64 | 0.0.1 | 2.71 | 25.53 | 28.24 | NOTE | |
r-release-linux-x86_64 | 0.0.1 | 2.06 | 25.26 | 27.32 | NOTE | |
r-release-macos-arm64 | 0.0.1 | 17.00 | NOTE | |||
r-release-macos-x86_64 | 0.0.1 | 25.00 | NOTE | |||
r-release-windows-x86_64 | 0.0.1 | 4.00 | 46.00 | 50.00 | NOTE | |
r-oldrel-macos-arm64 | 0.0.1 | 19.00 | NOTE | |||
r-oldrel-macos-x86_64 | 0.0.1 | 23.00 | NOTE | |||
r-oldrel-windows-x86_64 | 0.0.1 | 6.00 | 50.00 | 56.00 | NOTE |
Version: 0.0.1
Check: LazyData
Result: NOTE
'LazyData' is specified without a 'data' directory
Flavors: r-devel-linux-x86_64-debian-clang, r-devel-linux-x86_64-debian-gcc, r-devel-linux-x86_64-fedora-clang, r-devel-linux-x86_64-fedora-gcc, r-devel-windows-x86_64, r-patched-linux-x86_64, r-release-linux-x86_64, r-release-macos-arm64, r-release-macos-x86_64, r-release-windows-x86_64, r-oldrel-macos-arm64, r-oldrel-macos-x86_64, r-oldrel-windows-x86_64