Last updated on 2023-03-21 19:57:15 CET.
Flavor | Version | Tinstall | Tcheck | Ttotal | Status | Flags |
---|---|---|---|---|---|---|
r-devel-linux-x86_64-debian-clang | 3.0.2 | 12.11 | 178.97 | 191.08 | OK | |
r-devel-linux-x86_64-debian-gcc | 3.0.2 | 9.15 | 130.25 | 139.40 | OK | |
r-devel-linux-x86_64-fedora-clang | 3.0.2 | 237.53 | OK | |||
r-devel-linux-x86_64-fedora-gcc | 3.0.2 | 234.58 | OK | |||
r-patched-linux-x86_64 | 3.0.2 | 13.60 | 165.26 | 178.86 | OK | |
r-release-linux-x86_64 | 3.0.2 | 11.72 | 161.93 | 173.65 | OK | |
r-release-macos-arm64 | 3.0.2 | 75.00 | OK | |||
r-release-macos-x86_64 | 3.0.2 | 94.00 | OK | |||
r-release-windows-x86_64 | 3.0.2 | 145.00 | 980.00 | 1125.00 | OK | |
r-oldrel-macos-arm64 | 3.0.2 | 75.00 | OK | |||
r-oldrel-macos-x86_64 | 3.0.2 | 101.00 | OK | |||
r-oldrel-windows-ix86+x86_64 | 3.0.2 | 19.00 | 237.00 | 256.00 | WARN |
Version: 3.0.2
Check: for unstated dependencies in ‘tests’
Result: WARN
Warning: unable to access index for repository https://bioconductor.org/packages/3.14/bioc/src/contrib:
cannot open URL 'https://bioconductor.org/packages/3.14/bioc/src/contrib/PACKAGES'
Warning: unable to access index for repository https://bioconductor.org/packages/3.14/data/annotation/src/contrib:
cannot open URL 'https://bioconductor.org/packages/3.14/data/annotation/src/contrib/PACKAGES'
Warning: unable to access index for repository https://bioconductor.org/packages/3.14/data/experiment/src/contrib:
cannot open URL 'https://bioconductor.org/packages/3.14/data/experiment/src/contrib/PACKAGES'
Flavor: r-oldrel-windows-ix86+x86_64