Last updated on 2023-01-28 02:57:22 CET.
Flavor | Version | Tinstall | Tcheck | Ttotal | Status | Flags |
---|---|---|---|---|---|---|
r-devel-linux-x86_64-debian-clang | 0.0.2 | 3.78 | 56.01 | 59.79 | NOTE | |
r-devel-linux-x86_64-debian-gcc | 0.0.2 | 3.45 | 42.40 | 45.85 | NOTE | |
r-devel-linux-x86_64-fedora-clang | 0.0.2 | 74.77 | NOTE | |||
r-devel-linux-x86_64-fedora-gcc | 0.0.2 | 84.54 | NOTE | |||
r-devel-windows-x86_64 | 0.0.2 | 18.00 | 91.00 | 109.00 | NOTE | |
r-patched-linux-x86_64 | 0.0.2 | 4.49 | 55.97 | 60.46 | NOTE | |
r-release-linux-x86_64 | 0.0.2 | 5.03 | 48.33 | 53.36 | NOTE | |
r-release-macos-arm64 | 0.0.2 | 26.00 | NOTE | |||
r-release-macos-x86_64 | 0.0.2 | 50.00 | NOTE | |||
r-release-windows-x86_64 | 0.0.2 | 16.00 | 94.00 | 110.00 | NOTE | |
r-oldrel-macos-arm64 | 0.0.2 | 31.00 | NOTE | |||
r-oldrel-macos-x86_64 | 0.0.2 | 46.00 | NOTE | |||
r-oldrel-windows-ix86+x86_64 | 0.0.2 | 13.00 | 88.00 | 101.00 | NOTE |
Version: 0.0.2
Check: LazyData
Result: NOTE
'LazyData' is specified without a 'data' directory
Flavors: r-devel-linux-x86_64-debian-clang, r-devel-linux-x86_64-debian-gcc, r-devel-linux-x86_64-fedora-clang, r-devel-linux-x86_64-fedora-gcc, r-devel-windows-x86_64, r-patched-linux-x86_64, r-release-linux-x86_64, r-release-macos-arm64, r-release-macos-x86_64, r-release-windows-x86_64, r-oldrel-macos-arm64, r-oldrel-macos-x86_64, r-oldrel-windows-ix86+x86_64
Version: 0.0.2
Check: dependencies in R code
Result: NOTE
Namespace in Imports field not imported from: ‘R6’
All declared Imports should be used.
Flavors: r-devel-linux-x86_64-fedora-clang, r-devel-linux-x86_64-fedora-gcc, r-release-macos-arm64, r-release-macos-x86_64, r-oldrel-macos-arm64, r-oldrel-macos-x86_64