CRAN Package Check Results for Package linl

Last updated on 2020-08-13 06:47:33 CEST.

Flavor Version Tinstall Tcheck Ttotal Status Flags
r-devel-linux-x86_64-debian-clang 0.0.4 2.17 29.61 31.78 OK
r-devel-linux-x86_64-debian-gcc 0.0.4 1.76 23.76 25.52 OK
r-devel-linux-x86_64-fedora-clang 0.0.4 47.59 NOTE
r-devel-linux-x86_64-fedora-gcc 0.0.4 38.76 OK
r-devel-windows-ix86+x86_64 0.0.4 7.00 63.00 70.00 OK
r-patched-linux-x86_64 0.0.4 2.24 29.61 31.85 OK
r-patched-solaris-x86 0.0.4 58.10 OK
r-release-linux-x86_64 0.0.4 2.40 29.49 31.89 OK
r-release-macos-x86_64 0.0.4 OK
r-release-windows-ix86+x86_64 0.0.4 10.00 53.00 63.00 OK
r-oldrel-macos-x86_64 0.0.4 OK
r-oldrel-windows-ix86+x86_64 0.0.4 4.00 46.00 50.00 OK

Check Details

Version: 0.0.4
Check: Rd cross-references
Result: NOTE
    Undeclared package ‘pinp’ in Rd xrefs
Flavor: r-devel-linux-x86_64-fedora-clang