CRAN Package Check Results for Package linkprediction

Last updated on 2024-06-19 23:57:10 CEST.

Flavor Version Tinstall Tcheck Ttotal Status Flags
r-devel-linux-x86_64-debian-clang 1.0-0 2.81 33.83 36.64 NOTE
r-devel-linux-x86_64-debian-gcc 1.0-0 2.03 26.22 28.25 NOTE
r-devel-linux-x86_64-fedora-clang 1.0-0 47.52 NOTE
r-devel-linux-x86_64-fedora-gcc 1.0-0 59.17 NOTE
r-devel-windows-x86_64 1.0-0 4.00 46.00 50.00 NOTE
r-patched-linux-x86_64 1.0-0 2.24 33.51 35.75 NOTE
r-release-linux-x86_64 1.0-0 2.16 33.63 35.79 NOTE
r-release-macos-arm64 1.0-0 25.00 NOTE
r-release-macos-x86_64 1.0-0 35.00 NOTE
r-release-windows-x86_64 1.0-0 4.00 49.00 53.00 NOTE
r-oldrel-macos-arm64 1.0-0 27.00 NOTE
r-oldrel-macos-x86_64 1.0-0 33.00 NOTE
r-oldrel-windows-x86_64 1.0-0 4.00 50.00 54.00 NOTE

Check Details

Version: 1.0-0
Check: LazyData
Result: NOTE 'LazyData' is specified without a 'data' directory Flavors: r-devel-linux-x86_64-debian-clang, r-devel-linux-x86_64-debian-gcc, r-devel-linux-x86_64-fedora-clang, r-devel-linux-x86_64-fedora-gcc, r-devel-windows-x86_64, r-patched-linux-x86_64, r-release-linux-x86_64, r-release-macos-arm64, r-release-macos-x86_64, r-release-windows-x86_64, r-oldrel-macos-arm64, r-oldrel-macos-x86_64, r-oldrel-windows-x86_64