Last updated on 2023-11-30 21:49:05 CET.
Flavor | Version | Tinstall | Tcheck | Ttotal | Status | Flags |
---|---|---|---|---|---|---|
r-devel-linux-x86_64-debian-clang | 1.0-0 | 1.86 | 32.02 | 33.88 | NOTE | |
r-devel-linux-x86_64-debian-gcc | 1.0-0 | 1.94 | 24.14 | 26.08 | NOTE | |
r-devel-linux-x86_64-fedora-clang | 1.0-0 | 42.69 | NOTE | |||
r-devel-linux-x86_64-fedora-gcc | 1.0-0 | 55.05 | NOTE | |||
r-devel-windows-x86_64 | 1.0-0 | 4.00 | 48.00 | 52.00 | NOTE | |
r-patched-linux-x86_64 | 1.0-0 | 2.55 | 30.11 | 32.66 | NOTE | |
r-release-linux-x86_64 | 1.0-0 | 2.52 | 30.13 | 32.65 | NOTE | |
r-release-macos-arm64 | 1.0-0 | 27.00 | NOTE | |||
r-release-macos-x86_64 | 1.0-0 | 33.00 | NOTE | |||
r-release-windows-x86_64 | 1.0-0 | 5.00 | 48.00 | 53.00 | NOTE | |
r-oldrel-macos-arm64 | 1.0-0 | 19.00 | NOTE | |||
r-oldrel-macos-x86_64 | 1.0-0 | 27.00 | NOTE | |||
r-oldrel-windows-x86_64 | 1.0-0 | 4.00 | 52.00 | 56.00 | NOTE |
Version: 1.0-0
Check: LazyData
Result: NOTE
'LazyData' is specified without a 'data' directory
Flavors: r-devel-linux-x86_64-debian-clang, r-devel-linux-x86_64-debian-gcc, r-devel-linux-x86_64-fedora-clang, r-devel-linux-x86_64-fedora-gcc, r-devel-windows-x86_64, r-patched-linux-x86_64, r-release-linux-x86_64, r-release-macos-arm64, r-release-macos-x86_64, r-release-windows-x86_64, r-oldrel-macos-arm64, r-oldrel-macos-x86_64, r-oldrel-windows-x86_64