CRAN Package Check Results for Package linkprediction

Last updated on 2023-03-22 04:52:48 CET.

Flavor Version Tinstall Tcheck Ttotal Status Flags
r-devel-linux-x86_64-debian-clang 1.0-0 2.55 30.85 33.40 NOTE
r-devel-linux-x86_64-debian-gcc 1.0-0 1.84 24.46 26.30 NOTE
r-devel-linux-x86_64-fedora-clang 1.0-0 45.76 NOTE
r-devel-linux-x86_64-fedora-gcc 1.0-0 53.13 NOTE
r-patched-linux-x86_64 1.0-0 1.92 31.14 33.06 NOTE
r-release-linux-x86_64 1.0-0 2.16 31.17 33.33 NOTE
r-release-macos-arm64 1.0-0 19.00 NOTE
r-release-macos-x86_64 1.0-0 27.00 NOTE
r-release-windows-x86_64 1.0-0 22.00 67.00 89.00 NOTE
r-oldrel-macos-arm64 1.0-0 25.00 NOTE
r-oldrel-macos-x86_64 1.0-0 28.00 NOTE
r-oldrel-windows-ix86+x86_64 1.0-0 6.00 60.00 66.00 NOTE

Check Details

Version: 1.0-0
Check: LazyData
Result: NOTE
     'LazyData' is specified without a 'data' directory
Flavors: r-devel-linux-x86_64-debian-clang, r-devel-linux-x86_64-debian-gcc, r-devel-linux-x86_64-fedora-clang, r-devel-linux-x86_64-fedora-gcc, r-patched-linux-x86_64, r-release-linux-x86_64, r-release-macos-arm64, r-release-macos-x86_64, r-release-windows-x86_64, r-oldrel-macos-arm64, r-oldrel-macos-x86_64, r-oldrel-windows-ix86+x86_64