CRAN Package Check Results for Package link2GI

Last updated on 2022-01-23 18:50:54 CET.

Flavor Version Tinstall Tcheck Ttotal Status Flags
r-devel-linux-x86_64-debian-clang 0.4-7 13.14 121.06 134.20 OK
r-devel-linux-x86_64-debian-gcc 0.4-7 8.24 103.56 111.80 OK
r-devel-linux-x86_64-fedora-clang 0.4-7 168.67 NOTE
r-devel-linux-x86_64-fedora-gcc 0.4-7 164.91 NOTE
r-devel-windows-x86_64-new-UL 0.4-7 51.00 150.00 201.00 OK
r-devel-windows-x86_64-new-TK 0.4-7 NOTE
r-patched-linux-x86_64 0.4-7 13.56 116.07 129.63 OK
r-release-linux-x86_64 0.4-7 8.89 114.89 123.78 OK
r-release-macos-arm64 0.4-7 NOTE
r-release-macos-x86_64 0.4-7 NOTE
r-release-windows-ix86+x86_64 0.4-7 27.00 140.00 167.00 OK
r-oldrel-macos-x86_64 0.4-7 NOTE
r-oldrel-windows-ix86+x86_64 0.4-7 27.00 139.00 166.00 OK

Check Details

Version: 0.4-7
Check: dependencies in R code
Result: NOTE
    Namespace in Imports field not imported from: ‘methods’
     All declared Imports should be used.
Flavors: r-devel-linux-x86_64-fedora-clang, r-devel-linux-x86_64-fedora-gcc, r-devel-windows-x86_64-new-TK, r-release-macos-arm64, r-release-macos-x86_64, r-oldrel-macos-x86_64