CRAN Package Check Results for Package lingtypology

Last updated on 2022-08-08 16:54:28 CEST.

Flavor Version Tinstall Tcheck Ttotal Status Flags
r-devel-linux-x86_64-debian-clang 1.1.9 8.40 105.09 113.49 OK
r-devel-linux-x86_64-debian-gcc 1.1.9 6.44 79.91 86.35 OK
r-devel-linux-x86_64-fedora-clang 1.1.9 147.08 NOTE
r-devel-linux-x86_64-fedora-gcc 1.1.9 140.61 NOTE
r-devel-windows-x86_64 1.1.9 15.00 167.00 182.00 OK
r-patched-linux-x86_64 1.1.9 14.70 98.17 112.87 OK
r-release-linux-x86_64 1.1.9 OK
r-release-macos-arm64 1.1.9 53.00 NOTE
r-release-macos-x86_64 1.1.9 67.00 NOTE
r-release-windows-x86_64 1.1.9 116.00 176.00 292.00 OK
r-oldrel-macos-arm64 1.1.9 47.00 NOTE
r-oldrel-macos-x86_64 1.1.9 67.00 NOTE
r-oldrel-windows-ix86+x86_64 1.1.9 18.00 176.00 194.00 OK

Check Details

Version: 1.1.9
Check: Rd cross-references
Result: NOTE
    Undeclared package ‘magrittr’ in Rd xrefs
Flavor: r-devel-linux-x86_64-fedora-clang

Version: 1.1.9
Check: data for non-ASCII characters
Result: NOTE
     Note: found 60596 marked UTF-8 strings
Flavors: r-devel-linux-x86_64-fedora-clang, r-devel-linux-x86_64-fedora-gcc, r-release-macos-arm64, r-release-macos-x86_64, r-oldrel-macos-arm64, r-oldrel-macos-x86_64