CRAN Package Check Results for Package lingmatch

Last updated on 2023-03-25 00:49:18 CET.

Flavor Version Tinstall Tcheck Ttotal Status Flags
r-devel-linux-x86_64-debian-clang 1.0.5 58.28 111.99 170.27 NOTE
r-devel-linux-x86_64-debian-gcc 1.0.5 41.92 86.15 128.07 NOTE
r-devel-linux-x86_64-fedora-clang 1.0.5 236.40 NOTE
r-devel-linux-x86_64-fedora-gcc 1.0.5 212.12 NOTE
r-patched-linux-x86_64 1.0.5 50.22 102.21 152.43 OK
r-release-linux-x86_64 1.0.5 49.28 104.02 153.30 OK
r-release-macos-arm64 1.0.5 55.00 OK
r-release-macos-x86_64 1.0.5 76.00 OK
r-release-windows-x86_64 1.0.5 69.00 165.00 234.00 OK
r-oldrel-macos-arm64 1.0.5 58.00 OK
r-oldrel-macos-x86_64 1.0.5 77.00 OK
r-oldrel-windows-ix86+x86_64 1.0.5 128.00 183.00 311.00 OK

Check Details

Version: 1.0.5
Check: C++ specification
Result: NOTE
     Specified C++11: please drop specification unless essential
Flavors: r-devel-linux-x86_64-debian-clang, r-devel-linux-x86_64-debian-gcc, r-devel-linux-x86_64-fedora-clang, r-devel-linux-x86_64-fedora-gcc