Last updated on 2022-06-26 09:53:52 CEST.
Flavor | Version | Tinstall | Tcheck | Ttotal | Status | Flags |
---|---|---|---|---|---|---|
r-devel-linux-x86_64-debian-clang | 0.1.2 | 4.49 | 53.62 | 58.11 | NOTE | |
r-devel-linux-x86_64-debian-gcc | 0.1.2 | 4.14 | 40.38 | 44.52 | NOTE | |
r-devel-linux-x86_64-fedora-clang | 0.1.2 | 79.40 | NOTE | |||
r-devel-linux-x86_64-fedora-gcc | 0.1.2 | 78.92 | NOTE | |||
r-devel-windows-x86_64 | 0.1.2 | 10.00 | 82.00 | 92.00 | NOTE | |
r-patched-linux-x86_64 | 0.1.2 | 3.80 | 50.51 | 54.31 | NOTE | |
r-release-linux-x86_64 | 0.1.2 | 3.17 | 50.54 | 53.71 | NOTE | |
r-release-macos-arm64 | 0.1.2 | 26.00 | NOTE | |||
r-release-macos-x86_64 | 0.1.2 | 47.00 | NOTE | |||
r-release-windows-x86_64 | 0.1.2 | 12.00 | 79.00 | 91.00 | NOTE | |
r-oldrel-macos-arm64 | 0.1.2 | 28.00 | NOTE | |||
r-oldrel-macos-x86_64 | 0.1.2 | 37.00 | NOTE | |||
r-oldrel-windows-ix86+x86_64 | 0.1.2 | 14.00 | 72.00 | 86.00 | NOTE |
Version: 0.1.2
Check: LazyData
Result: NOTE
'LazyData' is specified without a 'data' directory
Flavors: r-devel-linux-x86_64-debian-clang, r-devel-linux-x86_64-debian-gcc, r-devel-linux-x86_64-fedora-clang, r-devel-linux-x86_64-fedora-gcc, r-devel-windows-x86_64, r-patched-linux-x86_64, r-release-linux-x86_64, r-release-macos-arm64, r-release-macos-x86_64, r-release-windows-x86_64, r-oldrel-macos-arm64, r-oldrel-macos-x86_64, r-oldrel-windows-ix86+x86_64