CRAN Package Check Results for Package limorhyde

Last updated on 2023-06-07 17:55:41 CEST.

Flavor Version Tinstall Tcheck Ttotal Status Flags
r-devel-linux-x86_64-debian-clang 1.0.1 1.86 40.38 42.24 OK
r-devel-linux-x86_64-debian-gcc 1.0.1 1.78 31.03 32.81 OK
r-devel-linux-x86_64-fedora-clang 1.0.1 55.07 OK
r-devel-linux-x86_64-fedora-gcc 1.0.1 67.09 OK
r-devel-windows-x86_64 1.0.1 7.00 54.00 61.00 OK
r-patched-linux-x86_64 1.0.1 2.14 38.21 40.35 OK
r-release-linux-x86_64 1.0.1 1.49 38.15 39.64 OK
r-release-macos-arm64 1.0.1 28.00 ERROR
r-release-macos-x86_64 1.0.1 43.00 ERROR
r-release-windows-x86_64 1.0.1 3.00 58.00 61.00 OK
r-oldrel-macos-arm64 1.0.1 24.00 OK
r-oldrel-macos-x86_64 1.0.1 30.00 OK
r-oldrel-windows-x86_64 1.0.1 4.00 61.00 65.00 OK

Check Details

Version: 1.0.1
Check: package dependencies
Result: NOTE
    Package suggested but not available for checking: ‘org.Mm.eg.db’
Flavors: r-release-macos-arm64, r-release-macos-x86_64

Version: 1.0.1
Check: re-building of vignette outputs
Result: ERROR
    Error(s) in re-building vignettes:
     ...
    --- re-building ‘introduction.Rmd’ using rmarkdown
    Quitting from lines 22-30 (introduction.Rmd)
    Error: processing vignette 'introduction.Rmd' failed with diagnostics:
    there is no package called 'org.Mm.eg.db'
    --- failed re-building ‘introduction.Rmd’
    
    SUMMARY: processing the following file failed:
     ‘introduction.Rmd’
    
    Error: Vignette re-building failed.
    Execution halted
Flavor: r-release-macos-arm64

Version: 1.0.1
Check: re-building of vignette outputs
Result: ERROR
    Error(s) in re-building vignettes:
     ...
    --- re-building ‘introduction.Rmd’ using rmarkdown
    Pandoc is required to build R Markdown vignettes but not available. Please make sure it is installed.
    Quitting from lines 22-30 (introduction.Rmd)
    Error: processing vignette 'introduction.Rmd' failed with diagnostics:
    there is no package called 'org.Mm.eg.db'
    --- failed re-building ‘introduction.Rmd’
    
    SUMMARY: processing the following file failed:
     ‘introduction.Rmd’
    
    Error: Vignette re-building failed.
    Execution halted
Flavor: r-release-macos-x86_64