CRAN Package Check Results for Package limonaid

Last updated on 2022-05-19 05:51:57 CEST.

Flavor Version Tinstall Tcheck Ttotal Status Flags
r-devel-linux-x86_64-debian-clang 0.1.3 4.29 47.46 51.75 ERROR
r-devel-linux-x86_64-debian-gcc 0.1.3 4.61 35.53 40.14 OK
r-devel-linux-x86_64-fedora-clang 0.1.3 63.86 OK
r-devel-linux-x86_64-fedora-gcc 0.1.3 61.56 OK
r-devel-windows-x86_64 0.1.3 60.00 72.00 132.00 OK
r-patched-linux-x86_64 0.1.3 6.14 45.43 51.57 OK
r-release-linux-x86_64 0.1.3 6.19 45.19 51.38 OK
r-release-macos-arm64 0.1.3 23.00 OK
r-release-macos-x86_64 0.1.3 30.00 OK
r-release-windows-x86_64 0.1.3 82.00 78.00 160.00 OK
r-oldrel-macos-arm64 0.1.3 22.00 OK
r-oldrel-macos-x86_64 0.1.3 29.00 OK
r-oldrel-windows-ix86+x86_64 0.1.3 11.00 56.00 67.00 OK

Check Details

Version: 0.1.3
Check: tests
Result: ERROR
     Running 'testthat.R' [4s/7s]
    Running the tests in 'tests/testthat.R' failed.
    Complete output:
     > library(testthat)
     > library(limonaid)
     >
     > test_check("limonaid")
     /tmp/Rtmp6k0jVX/file39a7607070f639.txt/tmp/Rtmp6k0jVX/file39a76029522e0d.txt/tmp/Rtmp6k0jVX/file39a76057e754b5.txt/tmp/Rtmp6k0jVX/testing-checkbox-autofix-export39a76078e923b.txt[ FAIL 1 | WARN 2 | SKIP 0 | PASS 14 ]
    
     == Failed tests ================================================================
     -- Failure (test-ls_read_tsv.R:66:3): a more extensive LimeSurvey TSV file can be imported --
     nrow(lsrv) not equal to 312.
     1/1 mismatches
     [1] 163 - 312 == -149
    
     [ FAIL 1 | WARN 2 | SKIP 0 | PASS 14 ]
     Error: Test failures
     Execution halted
Flavor: r-devel-linux-x86_64-debian-clang