Last updated on 2021-04-15 12:52:32 CEST.
Flavor | Version | Tinstall | Tcheck | Ttotal | Status | Flags |
---|---|---|---|---|---|---|
r-devel-linux-x86_64-debian-clang | 0.5.2 | 52.41 | 164.43 | 216.84 | OK | |
r-devel-linux-x86_64-debian-gcc | 0.5.2 | 32.89 | 133.73 | 166.62 | OK | |
r-devel-linux-x86_64-fedora-clang | 0.5.2 | 277.78 | OK | |||
r-devel-linux-x86_64-fedora-gcc | 0.5.2 | 266.32 | OK | |||
r-devel-windows-ix86+x86_64 | 0.5.2 | 118.00 | 5.00 | 123.00 | ERROR | |
r-devel-windows-x86_64-gcc10-UCRT | 0.5.2 | OK | ||||
r-patched-linux-x86_64 | 0.5.2 | 37.55 | 165.71 | 203.26 | OK | |
r-patched-solaris-x86 | 0.5.2 | 497.30 | OK | |||
r-release-linux-x86_64 | 0.5.2 | 38.52 | 164.92 | 203.44 | OK | |
r-release-macos-x86_64 | 0.5.2 | OK | ||||
r-release-windows-ix86+x86_64 | 0.5.2 | 111.00 | 314.00 | 425.00 | OK | |
r-oldrel-macos-x86_64 | 0.5.2 | OK | ||||
r-oldrel-windows-ix86+x86_64 | 0.5.2 | 85.00 | 263.00 | 348.00 | OK |
Version: 0.5.2
Check: whether package can be installed
Result: ERROR
Installation failed.
See *
Flavor: r-devel-windows-ix86+x86_64