CRAN Package Check Results for Package lime

Last updated on 2020-08-13 06:47:33 CEST.

Flavor Version Tinstall Tcheck Ttotal Status Flags
r-devel-linux-x86_64-debian-clang 0.5.1 51.10 157.66 208.76 OK
r-devel-linux-x86_64-debian-gcc 0.5.1 36.24 127.78 164.02 OK
r-devel-linux-x86_64-fedora-clang 0.5.1 265.29 OK
r-devel-linux-x86_64-fedora-gcc 0.5.1 256.83 OK
r-devel-windows-ix86+x86_64 0.5.1 102.00 352.00 454.00 OK
r-patched-linux-x86_64 0.5.1 37.31 161.78 199.09 OK
r-patched-solaris-x86 0.5.1 492.70 WARN
r-release-linux-x86_64 0.5.1 37.26 161.79 199.05 OK
r-release-macos-x86_64 0.5.1 WARN
r-release-windows-ix86+x86_64 0.5.1 146.00 340.00 486.00 OK
r-oldrel-macos-x86_64 0.5.1 WARN
r-oldrel-windows-ix86+x86_64 0.5.1 95.00 256.00 351.00 OK

Check Details

Version: 0.5.1
Check: re-building of vignette outputs
Result: WARN
    Error(s) in re-building vignettes:
     ...
    --- re-building ‘Understanding_lime.Rmd’ using rmarkdown
    Warning in engine$weave(file, quiet = quiet, encoding = enc) :
     Pandoc (>= 1.12.3) and/or pandoc-citeproc not available. Falling back to R Markdown v1.
    Quitting from lines 262-263 (Understanding_lime.Rmd)
    Error: processing vignette 'Understanding_lime.Rmd' failed with diagnostics:
    there is no package called 'webshot'
    --- failed re-building ‘Understanding_lime.Rmd’
    
    SUMMARY: processing the following file failed:
     ‘Understanding_lime.Rmd’
    
    Error: Vignette re-building failed.
    Execution halted
Flavor: r-patched-solaris-x86

Version: 0.5.1
Check: re-building of vignette outputs
Result: WARN
    Error(s) in re-building vignettes:
     ...
    --- re-building ‘Understanding_lime.Rmd’ using rmarkdown
    Warning in engine$weave(file, quiet = quiet, encoding = enc) :
     Pandoc (>= 1.12.3) and/or pandoc-citeproc not available. Falling back to R Markdown v1.
    Quitting from lines 262-263 (Understanding_lime.Rmd)
    Error: processing vignette 'Understanding_lime.Rmd' failed with diagnostics:
    cannot open the connection
    --- failed re-building ‘Understanding_lime.Rmd’
    
    SUMMARY: processing the following file failed:
     ‘Understanding_lime.Rmd’
    
    Error: Vignette re-building failed.
    Execution halted
Flavors: r-release-macos-x86_64, r-oldrel-macos-x86_64