CRAN Package Check Results for Package likelihoodExplore

Last updated on 2022-12-07 02:51:49 CET.

Flavor Version Tinstall Tcheck Ttotal Status Flags
r-devel-linux-x86_64-debian-clang 0.1.0 4.34 32.36 36.70 NOTE
r-devel-linux-x86_64-debian-gcc 0.1.0 2.90 25.92 28.82 NOTE
r-devel-linux-x86_64-fedora-clang 0.1.0 55.97 NOTE
r-devel-linux-x86_64-fedora-gcc 0.1.0 54.94 NOTE
r-devel-windows-x86_64 0.1.0 51.00 63.00 114.00 NOTE
r-patched-linux-x86_64 0.1.0 4.25 30.95 35.20 NOTE
r-release-linux-x86_64 0.1.0 2.22 31.26 33.48 NOTE
r-release-macos-arm64 0.1.0 20.00 NOTE
r-release-macos-x86_64 0.1.0 25.00 NOTE
r-release-windows-x86_64 0.1.0 24.00 64.00 88.00 NOTE
r-oldrel-macos-arm64 0.1.0 19.00 NOTE
r-oldrel-macos-x86_64 0.1.0 35.00 NOTE
r-oldrel-windows-ix86+x86_64 0.1.0 8.00 59.00 67.00 NOTE

Check Details

Version: 0.1.0
Check: LazyData
Result: NOTE
     'LazyData' is specified without a 'data' directory
Flavors: r-devel-linux-x86_64-debian-clang, r-devel-linux-x86_64-debian-gcc, r-devel-linux-x86_64-fedora-clang, r-devel-linux-x86_64-fedora-gcc, r-devel-windows-x86_64, r-patched-linux-x86_64, r-release-linux-x86_64, r-release-macos-arm64, r-release-macos-x86_64, r-release-windows-x86_64, r-oldrel-macos-arm64, r-oldrel-macos-x86_64, r-oldrel-windows-ix86+x86_64