CRAN Package Check Results for Package likelihoodExplore

Last updated on 2021-04-14 11:52:18 CEST.

Flavor Version Tinstall Tcheck Ttotal Status Flags
r-devel-linux-x86_64-debian-clang 0.1.0 3.62 29.74 33.36 NOTE
r-devel-linux-x86_64-debian-gcc 0.1.0 2.93 23.58 26.51 NOTE
r-devel-linux-x86_64-fedora-clang 0.1.0 50.16 NOTE
r-devel-linux-x86_64-fedora-gcc 0.1.0 39.65 NOTE
r-devel-windows-ix86+x86_64 0.1.0 8.00 50.00 58.00 NOTE
r-devel-windows-x86_64-gcc10-UCRT 0.1.0 NOTE
r-patched-linux-x86_64 0.1.0 2.90 28.60 31.50 OK
r-patched-solaris-x86 0.1.0 61.20 OK
r-release-linux-x86_64 0.1.0 3.46 28.58 32.04 OK
r-release-macos-x86_64 0.1.0 OK
r-release-windows-ix86+x86_64 0.1.0 7.00 47.00 54.00 OK
r-oldrel-macos-x86_64 0.1.0 OK
r-oldrel-windows-ix86+x86_64 0.1.0 6.00 33.00 39.00 OK

Check Details

Version: 0.1.0
Check: LazyData
Result: NOTE
     'LazyData' is specified without a 'data' directory
Flavors: r-devel-linux-x86_64-debian-clang, r-devel-linux-x86_64-debian-gcc, r-devel-linux-x86_64-fedora-clang, r-devel-linux-x86_64-fedora-gcc, r-devel-windows-ix86+x86_64, r-devel-windows-x86_64-gcc10-UCRT