CRAN Package Check Results for Package likelihoodExplore

Last updated on 2023-10-03 01:04:55 CEST.

Flavor Version Tinstall Tcheck Ttotal Status Flags
r-devel-linux-x86_64-debian-clang 0.1.0 3.32 31.76 35.08 NOTE
r-devel-linux-x86_64-debian-gcc 0.1.0 3.01 24.80 27.81 NOTE
r-devel-linux-x86_64-fedora-clang 0.1.0 44.47 NOTE
r-devel-linux-x86_64-fedora-gcc 0.1.0 42.82 NOTE
r-devel-windows-x86_64 0.1.0 5.00 105.00 110.00 NOTE
r-patched-linux-x86_64 0.1.0 3.34 31.37 34.71 NOTE
r-release-linux-x86_64 0.1.0 4.03 31.06 35.09 NOTE
r-release-macos-arm64 0.1.0 19.00 NOTE
r-release-macos-x86_64 0.1.0 27.00 NOTE
r-release-windows-x86_64 0.1.0 6.00 51.00 57.00 NOTE
r-oldrel-macos-arm64 0.1.0 20.00 NOTE
r-oldrel-macos-x86_64 0.1.0 25.00 NOTE
r-oldrel-windows-x86_64 0.1.0 5.00 52.00 57.00 NOTE

Check Details

Version: 0.1.0
Check: LazyData
Result: NOTE
     'LazyData' is specified without a 'data' directory
Flavors: r-devel-linux-x86_64-debian-clang, r-devel-linux-x86_64-debian-gcc, r-devel-linux-x86_64-fedora-clang, r-devel-linux-x86_64-fedora-gcc, r-devel-windows-x86_64, r-patched-linux-x86_64, r-release-linux-x86_64, r-release-macos-arm64, r-release-macos-x86_64, r-release-windows-x86_64, r-oldrel-macos-arm64, r-oldrel-macos-x86_64, r-oldrel-windows-x86_64