CRAN Package Check Results for Package lightr

Last updated on 2020-10-31 20:47:26 CET.

Flavor Version Tinstall Tcheck Ttotal Status Flags
r-devel-linux-x86_64-debian-clang 1.3 4.53 76.74 81.27 OK
r-devel-linux-x86_64-debian-gcc 1.3 3.00 58.63 61.63 OK
r-devel-linux-x86_64-fedora-clang 1.3 107.55 NOTE
r-devel-linux-x86_64-fedora-gcc 1.3 100.05 OK
r-devel-windows-ix86+x86_64 1.3 10.00 79.00 89.00 OK
r-patched-linux-x86_64 1.3 4.76 75.61 80.37 OK
r-patched-solaris-x86 1.3 143.00 OK
r-release-linux-x86_64 1.3 3.85 75.04 78.89 OK
r-release-macos-x86_64 1.3 OK
r-release-windows-ix86+x86_64 1.3 7.00 77.00 84.00 OK
r-oldrel-macos-x86_64 1.3 OK
r-oldrel-windows-ix86+x86_64 1.3 7.00 75.00 82.00 OK

Check Details

Version: 1.3
Check: Rd cross-references
Result: NOTE
    Undeclared package ‘future’ in Rd xrefs
Flavor: r-devel-linux-x86_64-fedora-clang