CRAN Package Check Results for Package lifecycle

Last updated on 2020-09-22 06:47:30 CEST.

Flavor Version Tinstall Tcheck Ttotal Status Flags
r-devel-linux-x86_64-debian-clang 0.2.0 2.65 29.09 31.74 OK
r-devel-linux-x86_64-debian-gcc 0.2.0 0.26 2.24 2.50 ERROR
r-devel-linux-x86_64-fedora-clang 0.2.0 48.03 OK
r-devel-linux-x86_64-fedora-gcc 0.2.0 39.29 OK
r-devel-windows-ix86+x86_64 0.2.0 5.00 38.00 43.00 OK
r-patched-linux-x86_64 0.2.0 2.44 28.97 31.41 OK
r-patched-solaris-x86 0.2.0 57.40 OK
r-release-linux-x86_64 0.2.0 2.50 29.25 31.75 OK
r-release-macos-x86_64 0.2.0 OK
r-release-windows-ix86+x86_64 0.2.0 6.00 55.00 61.00 OK
r-oldrel-macos-x86_64 0.2.0 OK
r-oldrel-windows-ix86+x86_64 0.2.0 4.00 38.00 42.00 OK

Check Details

Version: 0.2.0
Check: whether package can be installed
Result: ERROR
    Installation failed.
Flavor: r-devel-linux-x86_64-debian-gcc