CRAN Package Check Results for Package lifecycle

Last updated on 2021-07-24 11:52:29 CEST.

Flavor Version Tinstall Tcheck Ttotal Status Flags
r-devel-linux-x86_64-debian-clang 1.0.0 2.80 36.60 39.40 NOTE
r-devel-linux-x86_64-debian-gcc 1.0.0 2.06 28.72 30.78 NOTE
r-devel-linux-x86_64-fedora-clang 1.0.0 56.91 NOTE
r-devel-linux-x86_64-fedora-gcc 1.0.0 47.99 NOTE
r-devel-windows-x86_64 1.0.0 5.00 42.00 47.00 NOTE
r-devel-windows-x86_64-gcc10-UCRT 1.0.0 NOTE
r-patched-linux-x86_64 1.0.0 2.55 35.20 37.75 NOTE
r-patched-solaris-x86 1.0.0 69.50 NOTE
r-release-linux-x86_64 1.0.0 2.22 35.53 37.75 NOTE
r-release-macos-arm64 1.0.0 NOTE
r-release-macos-x86_64 1.0.0 NOTE
r-release-windows-ix86+x86_64 1.0.0 6.00 43.00 49.00 NOTE
r-oldrel-macos-x86_64 1.0.0 OK
r-oldrel-windows-ix86+x86_64 1.0.0 6.00 54.00 60.00 OK

Check Details

Version: 1.0.0
Check: LazyData
Result: NOTE
     'LazyData' is specified without a 'data' directory
Flavors: r-devel-linux-x86_64-debian-clang, r-devel-linux-x86_64-debian-gcc, r-devel-linux-x86_64-fedora-clang, r-devel-linux-x86_64-fedora-gcc, r-devel-windows-x86_64, r-devel-windows-x86_64-gcc10-UCRT, r-patched-linux-x86_64, r-patched-solaris-x86, r-release-linux-x86_64, r-release-macos-arm64, r-release-macos-x86_64, r-release-windows-ix86+x86_64