Last updated on 2022-05-28 05:53:11 CEST.
Flavor | Version | Tinstall | Tcheck | Ttotal | Status | Flags |
---|---|---|---|---|---|---|
r-devel-linux-x86_64-debian-clang | 4.0.1 | 5.82 | 140.92 | 146.74 | OK | |
r-devel-linux-x86_64-debian-gcc | 4.0.1 | 4.20 | 100.91 | 105.11 | OK | |
r-devel-linux-x86_64-fedora-clang | 4.0.1 | 165.91 | OK | |||
r-devel-linux-x86_64-fedora-gcc | 4.0.1 | 162.31 | OK | |||
r-devel-windows-x86_64 | 4.0.1 | 43.00 | 177.00 | 220.00 | OK | |
r-patched-linux-x86_64 | 4.0.1 | 11.38 | 132.34 | 143.72 | OK | |
r-release-linux-x86_64 | 4.0.1 | 5.67 | 132.62 | 138.29 | OK | |
r-release-macos-arm64 | 4.0.1 | 6.00 | ERROR | |||
r-release-macos-x86_64 | 4.0.1 | 61.00 | OK | |||
r-release-windows-x86_64 | 4.0.1 | 57.00 | 163.00 | 220.00 | OK | |
r-oldrel-macos-arm64 | 4.0.1 | 42.00 | OK | |||
r-oldrel-macos-x86_64 | 4.0.1 | 59.00 | OK | |||
r-oldrel-windows-ix86+x86_64 | 4.0.1 | 14.00 | 162.00 | 176.00 | OK |
Version: 4.0.1
Check: package dependencies
Result: ERROR
Package required and available but unsuitable version: ‘lidR’
See section ‘The DESCRIPTION file’ in the ‘Writing R Extensions’
manual.
Flavor: r-release-macos-arm64