Last updated on 2023-01-31 23:52:21 CET.
Flavor | Version | Tinstall | Tcheck | Ttotal | Status | Flags |
---|---|---|---|---|---|---|
r-devel-linux-x86_64-debian-clang | 4.0.2 | 166.25 | 600.04 | 766.29 | NOTE | |
r-devel-linux-x86_64-debian-gcc | 4.0.2 | 131.45 | 438.01 | 569.46 | NOTE | |
r-devel-linux-x86_64-fedora-clang | 4.0.2 | 959.78 | NOTE | |||
r-devel-linux-x86_64-fedora-gcc | 4.0.2 | 1035.49 | NOTE | |||
r-devel-windows-x86_64 | 4.0.2 | 525.00 | 656.00 | 1181.00 | NOTE | |
r-patched-linux-x86_64 | 4.0.2 | 150.34 | 575.30 | 725.64 | OK | |
r-release-linux-x86_64 | 4.0.2 | 126.51 | 523.43 | 649.94 | OK | |
r-release-macos-arm64 | 4.0.2 | 212.00 | NOTE | |||
r-release-macos-x86_64 | 4.0.2 | 288.00 | NOTE | |||
r-release-windows-x86_64 | 4.0.2 | 550.00 | 652.00 | 1202.00 | NOTE | |
r-oldrel-macos-arm64 | 4.0.2 | 220.00 | NOTE | |||
r-oldrel-macos-x86_64 | 4.0.2 | 301.00 | NOTE | |||
r-oldrel-windows-ix86+x86_64 | 4.0.2 | 363.00 | 1001.00 | 1364.00 | NOTE |
Version: 4.0.2
Check: C++ specification
Result: NOTE
Specified C++14: please update to current default of C++17
Flavors: r-devel-linux-x86_64-debian-clang, r-devel-linux-x86_64-debian-gcc, r-devel-linux-x86_64-fedora-clang, r-devel-linux-x86_64-fedora-gcc, r-devel-windows-x86_64
Version: 4.0.2
Check: installed package size
Result: NOTE
installed size is 5.6Mb
sub-directories of 1Mb or more:
R 1.2Mb
doc 1.0Mb
extdata 1.1Mb
libs 1.7Mb
Flavors: r-devel-windows-x86_64, r-release-macos-arm64, r-release-macos-x86_64, r-release-windows-x86_64, r-oldrel-macos-arm64, r-oldrel-macos-x86_64, r-oldrel-windows-ix86+x86_64