CRAN Package Check Results for Package librarian

Last updated on 2021-06-25 00:49:42 CEST.

Flavor Version Tinstall Tcheck Ttotal Status Flags
r-devel-linux-x86_64-debian-clang 1.7.0 2.39 25.96 28.35 NOTE
r-devel-linux-x86_64-debian-gcc 1.7.0 1.85 20.58 22.43 NOTE
r-devel-linux-x86_64-fedora-clang 1.7.0 43.87 NOTE
r-devel-linux-x86_64-fedora-gcc 1.7.0 33.74 NOTE
r-devel-windows-x86_64 1.7.0 4.00 35.00 39.00 NOTE
r-devel-windows-x86_64-gcc10-UCRT 1.7.0 NOTE
r-patched-linux-x86_64 1.7.0 2.44 25.59 28.03 NOTE
r-patched-solaris-x86 1.7.0 53.80 NOTE
r-release-linux-x86_64 1.7.0 2.39 25.55 27.94 NOTE
r-release-macos-arm64 1.7.0 NOTE
r-release-macos-x86_64 1.7.0 NOTE
r-release-windows-ix86+x86_64 1.7.0 7.00 32.00 39.00 NOTE
r-oldrel-macos-x86_64 1.7.0 OK
r-oldrel-windows-ix86+x86_64 1.7.0 6.00 45.00 51.00 OK

Check Details

Version: 1.7.0
Check: LazyData
Result: NOTE
     'LazyData' is specified without a 'data' directory
Flavors: r-devel-linux-x86_64-debian-clang, r-devel-linux-x86_64-debian-gcc, r-devel-linux-x86_64-fedora-clang, r-devel-linux-x86_64-fedora-gcc, r-devel-windows-x86_64, r-devel-windows-x86_64-gcc10-UCRT, r-patched-linux-x86_64, r-patched-solaris-x86, r-release-linux-x86_64, r-release-macos-arm64, r-release-macos-x86_64, r-release-windows-ix86+x86_64