CRAN Package Check Results for Package libgeos

Last updated on 2020-09-23 14:12:34 CEST.

Flavor Version Tinstall Tcheck Ttotal Status Flags
r-devel-linux-x86_64-debian-clang 3.8.1-3 476.60 21.92 498.52 OK
r-devel-linux-x86_64-debian-gcc 3.8.1-3 327.28 17.56 344.84 OK
r-devel-linux-x86_64-fedora-clang 3.8.1-3 811.77 NOTE
r-devel-linux-x86_64-fedora-gcc 3.8.1-3 613.33 OK
r-devel-windows-ix86+x86_64 3.8.1-3 1139.00 90.00 1229.00 NOTE
r-patched-linux-x86_64 3.8.1-3 334.72 21.74 356.46 OK
r-patched-solaris-x86 3.8.1-3 447.70 OK
r-release-linux-x86_64 3.8.1-3 335.89 21.68 357.57 OK
r-release-macos-x86_64 3.8.1-3 NOTE
r-release-windows-ix86+x86_64 3.8.1-3 985.00 86.00 1071.00 NOTE
r-oldrel-macos-x86_64 3.8.1-3 NOTE
r-oldrel-windows-ix86+x86_64 3.8.1-3 1046.00 81.00 1127.00 OK

Check Details

Version: 3.8.1-3
Check: installed package size
Result: NOTE
     installed size is 27.3Mb
     sub-directories of 1Mb or more:
     libs 27.1Mb
Flavors: r-devel-linux-x86_64-fedora-clang, r-devel-windows-ix86+x86_64, r-release-macos-x86_64, r-release-windows-ix86+x86_64, r-oldrel-macos-x86_64