CRAN Package Check Results for Package lgrdata

Last updated on 2021-09-19 11:50:02 CEST.

Flavor Version Tinstall Tcheck Ttotal Status Flags
r-devel-linux-x86_64-debian-clang 0.1.1 2.42 39.29 41.71 OK
r-devel-linux-x86_64-debian-gcc 0.1.1 1.81 31.21 33.02 OK
r-devel-linux-x86_64-fedora-clang 0.1.1 60.38 OK
r-devel-linux-x86_64-fedora-gcc 0.1.1 48.13 OK
r-devel-windows-x86_64 0.1.1 4.00 62.00 66.00 OK
r-devel-windows-x86_64-gcc10-UCRT 0.1.1 ERROR
r-patched-linux-x86_64 0.1.1 2.78 37.47 40.25 OK
r-patched-solaris-x86 0.1.1 76.80 OK
r-release-linux-x86_64 0.1.1 2.24 37.94 40.18 OK
r-release-macos-arm64 0.1.1 OK
r-release-macos-x86_64 0.1.1 OK
r-release-windows-ix86+x86_64 0.1.1 6.00 49.00 55.00 OK
r-oldrel-macos-x86_64 0.1.1 OK
r-oldrel-windows-ix86+x86_64 0.1.1 5.00 48.00 53.00 OK

Check Details

Version: 0.1.1
Check: whether package can be installed
Result: WARN
    Found the following significant warnings:
     WARNING: installation-time patches will not be applied, could not get the patches index
Flavor: r-devel-windows-x86_64-gcc10-UCRT

Version: 0.1.1
Check: PDF version of manual
Result: WARN
    LaTeX errors when creating PDF version.
    This typically indicates Rd problems.
Flavor: r-devel-windows-x86_64-gcc10-UCRT

Version: 0.1.1
Check: PDF version of manual without hyperrefs or index
Result: ERROR
    Re-running with no redirection of stdout/stderr.
Flavor: r-devel-windows-x86_64-gcc10-UCRT