CRAN Package Check Results for Package lfmm

Last updated on 2020-10-27 17:52:46 CET.

Flavor Version Tinstall Tcheck Ttotal Status Flags
r-devel-linux-x86_64-debian-clang 1.0 45.77 205.87 251.64 OK
r-devel-linux-x86_64-debian-gcc 1.0 34.22 146.84 181.06 OK
r-devel-linux-x86_64-fedora-clang 1.0 315.80 NOTE
r-devel-linux-x86_64-fedora-gcc 1.0 300.31 NOTE
r-devel-windows-ix86+x86_64 1.0 94.00 367.00 461.00 OK
r-patched-linux-x86_64 1.0 OK
r-patched-solaris-x86 1.0 631.70 NOTE
r-release-linux-x86_64 1.0 42.67 193.21 235.88 OK
r-release-macos-x86_64 1.0 NOTE
r-release-windows-ix86+x86_64 1.0 79.00 265.00 344.00 OK
r-oldrel-macos-x86_64 1.0 NOTE
r-oldrel-windows-ix86+x86_64 1.0 78.00 334.00 412.00 OK

Check Details

Version: 1.0
Check: installed package size
Result: NOTE
     installed size is 12.3Mb
     sub-directories of 1Mb or more:
     data 1.8Mb
     libs 10.0Mb
Flavors: r-devel-linux-x86_64-fedora-clang, r-release-macos-x86_64, r-oldrel-macos-x86_64

Version: 1.0
Check: dependencies in R code
Result: NOTE
    Namespaces in Imports field not imported from:
     ‘ggplot2’ ‘knitr’ ‘purrr’ ‘rmarkdown’
     All declared Imports should be used.
Flavors: r-devel-linux-x86_64-fedora-clang, r-devel-linux-x86_64-fedora-gcc, r-patched-solaris-x86, r-release-macos-x86_64, r-oldrel-macos-x86_64