CRAN Package Check Results for Package lfl

Last updated on 2024-06-21 23:55:10 CEST.

Flavor Version Tinstall Tcheck Ttotal Status Flags
r-devel-linux-x86_64-debian-clang 2.2.0 80.82 145.94 226.76 NOTE
r-devel-linux-x86_64-debian-gcc 2.2.0 53.04 106.19 159.23 NOTE
r-devel-linux-x86_64-fedora-clang 2.2.0 349.50 NOTE
r-devel-linux-x86_64-fedora-gcc 2.2.0 329.13 NOTE
r-devel-windows-x86_64 2.2.0 67.00 153.00 220.00 NOTE
r-patched-linux-x86_64 2.2.0 66.97 143.29 210.26 NOTE
r-release-linux-x86_64 2.2.0 52.61 142.75 195.36 NOTE
r-release-macos-arm64 2.2.0 79.00 NOTE
r-release-macos-x86_64 2.2.0 112.00 NOTE
r-release-windows-x86_64 2.2.0 66.00 161.00 227.00 NOTE
r-oldrel-macos-arm64 2.2.0 88.00 NOTE
r-oldrel-macos-x86_64 2.2.0 135.00 NOTE
r-oldrel-windows-x86_64 2.2.0 82.00 186.00 268.00 NOTE

Check Details

Version: 2.2.0
Check: C++ specification
Result: NOTE Specified C++11: please drop specification unless essential Flavors: r-devel-linux-x86_64-debian-clang, r-devel-linux-x86_64-debian-gcc, r-devel-linux-x86_64-fedora-clang, r-devel-linux-x86_64-fedora-gcc, r-devel-windows-x86_64, r-patched-linux-x86_64, r-release-linux-x86_64, r-release-macos-arm64, r-release-macos-x86_64, r-release-windows-x86_64, r-oldrel-macos-arm64, r-oldrel-macos-x86_64, r-oldrel-windows-x86_64

Version: 2.2.0
Check: package dependencies
Result: NOTE Package suggested but not available for checking: 'doMC' Flavors: r-devel-windows-x86_64, r-release-windows-x86_64, r-oldrel-windows-x86_64