CRAN Package Check Results for Package lfda

Last updated on 2019-07-19 15:47:02 CEST.

Flavor Version Tinstall Tcheck Ttotal Status Flags
r-devel-linux-x86_64-debian-clang 1.1.2 6.26 56.45 62.71 OK
r-devel-linux-x86_64-debian-gcc 1.1.2 5.92 47.05 52.97 OK
r-devel-linux-x86_64-fedora-clang 1.1.2 76.53 OK
r-devel-linux-x86_64-fedora-gcc 1.1.2 75.23 OK
r-devel-windows-ix86+x86_64 1.1.2 18.00 68.00 86.00 OK
r-patched-linux-x86_64 1.1.2 6.88 55.37 62.25 OK
r-patched-solaris-x86 1.1.2 131.90 OK
r-release-linux-x86_64 1.1.2 6.28 55.67 61.95 OK
r-release-windows-ix86+x86_64 1.1.2 13.00 66.00 79.00 OK
r-release-osx-x86_64 1.1.2 FAIL
r-oldrel-windows-ix86+x86_64 1.1.2 6.00 82.00 88.00 OK
r-oldrel-osx-x86_64 1.1.2 OK

Check Details

Version: 1.1.2
Check: dependencies in R code
Result: FAIL
    
Flavor: r-release-osx-x86_64