CRAN Package Check Results for Package lexicon

Last updated on 2024-06-21 08:54:27 CEST.

Flavor Version Tinstall Tcheck Ttotal Status Flags
r-devel-linux-x86_64-debian-clang 1.2.1 8.92 42.15 51.07 NOTE
r-devel-linux-x86_64-debian-gcc 1.2.1 6.61 31.77 38.38 NOTE
r-devel-linux-x86_64-fedora-clang 1.2.1 61.71 NOTE
r-devel-linux-x86_64-fedora-gcc 1.2.1 59.33 NOTE
r-devel-windows-x86_64 1.2.1 9.00 58.00 67.00 NOTE
r-patched-linux-x86_64 1.2.1 8.65 40.83 49.48 NOTE
r-release-linux-x86_64 1.2.1 6.28 40.05 46.33 NOTE
r-release-macos-arm64 1.2.1 24.00 NOTE
r-release-macos-x86_64 1.2.1 36.00 NOTE
r-release-windows-x86_64 1.2.1 10.00 61.00 71.00 NOTE
r-oldrel-macos-arm64 1.2.1 26.00 OK
r-oldrel-macos-x86_64 1.2.1 34.00 OK
r-oldrel-windows-x86_64 1.2.1 11.00 65.00 76.00 OK

Check Details

Version: 1.2.1
Check: Rd files
Result: NOTE checkRd: (-1) hash_sentiment_slangsd.Rd:28-37: Lost braces 28 | article{DBLP:journals/corr/Wu-etal16, | ^ checkRd: (-1) hash_sentiment_slangsd.Rd:29: Lost braces; missing escapes or markup? 29 | author = {Liang Wu and Fred Morstatter and Huan Liu}, | ^ checkRd: (-1) hash_sentiment_slangsd.Rd:30-31: Lost braces 30 | title = {SlangSD: Building and Using a Sentiment Dictionary of Slang | ^ checkRd: (-1) hash_sentiment_slangsd.Rd:32: Lost braces; missing escapes or markup? 32 | journal = {CoRR}, | ^ checkRd: (-1) hash_sentiment_slangsd.Rd:33: Lost braces; missing escapes or markup? 33 | volume = {abs/1608.05129}, | ^ checkRd: (-1) hash_sentiment_slangsd.Rd:34: Lost braces; missing escapes or markup? 34 | year = {2016}, | ^ checkRd: (-1) hash_sentiment_slangsd.Rd:35: Lost braces; missing escapes or markup? 35 | url = {http://arxiv.org/abs/1608.05129}, | ^ checkRd: (-1) hash_sentiment_slangsd.Rd:36: Lost braces; missing escapes or markup? 36 | timestamp = {Wed, 17 Aug 2016 23:32:57 GMT} | ^ checkRd: (-1) sw_python.Rd:32: Lost braces; missing escapes or markup? 32 | * Neither the name of the {organization} nor the names of its | ^ Flavors: r-devel-linux-x86_64-debian-clang, r-devel-linux-x86_64-debian-gcc, r-devel-linux-x86_64-fedora-clang, r-devel-linux-x86_64-fedora-gcc, r-devel-windows-x86_64, r-patched-linux-x86_64, r-release-linux-x86_64, r-release-macos-arm64, r-release-macos-x86_64, r-release-windows-x86_64