CRAN Package Check Results for Package leri

Last updated on 2022-06-30 02:52:28 CEST.

Flavor Version Tinstall Tcheck Ttotal Status Flags
r-devel-linux-x86_64-debian-clang 0.0.1 2.26 35.94 38.20 NOTE
r-devel-linux-x86_64-debian-gcc 0.0.1 1.80 27.60 29.40 NOTE
r-devel-linux-x86_64-fedora-clang 0.0.1 56.30 NOTE
r-devel-linux-x86_64-fedora-gcc 0.0.1 56.07 NOTE
r-devel-windows-x86_64 0.0.1 11.00 62.00 73.00 NOTE
r-patched-linux-x86_64 0.0.1 2.06 35.01 37.07 NOTE
r-release-linux-x86_64 0.0.1 2.20 35.04 37.24 NOTE
r-release-macos-arm64 0.0.1 19.00 NOTE
r-release-macos-x86_64 0.0.1 25.00 NOTE
r-release-windows-x86_64 0.0.1 13.00 62.00 75.00 NOTE
r-oldrel-macos-arm64 0.0.1 20.00 NOTE
r-oldrel-macos-x86_64 0.0.1 32.00 NOTE
r-oldrel-windows-ix86+x86_64 0.0.1 7.00 60.00 67.00 NOTE

Check Details

Version: 0.0.1
Check: LazyData
Result: NOTE
     'LazyData' is specified without a 'data' directory
Flavors: r-devel-linux-x86_64-debian-clang, r-devel-linux-x86_64-debian-gcc, r-devel-linux-x86_64-fedora-clang, r-devel-linux-x86_64-fedora-gcc, r-devel-windows-x86_64, r-patched-linux-x86_64, r-release-linux-x86_64, r-release-macos-arm64, r-release-macos-x86_64, r-release-windows-x86_64, r-oldrel-macos-arm64, r-oldrel-macos-x86_64, r-oldrel-windows-ix86+x86_64