Last updated on 2023-12-02 02:49:13 CET.
Flavor | Version | Tinstall | Tcheck | Ttotal | Status | Flags |
---|---|---|---|---|---|---|
r-devel-linux-x86_64-debian-clang | 0.0.3 | 2.66 | 29.42 | 32.08 | NOTE | |
r-devel-linux-x86_64-debian-gcc | 0.0.3 | 2.60 | 22.70 | 25.30 | NOTE | |
r-devel-linux-x86_64-fedora-clang | 0.0.3 | 41.18 | NOTE | |||
r-devel-linux-x86_64-fedora-gcc | 0.0.3 | 39.18 | NOTE | |||
r-devel-windows-x86_64 | 0.0.3 | 5.00 | 53.00 | 58.00 | NOTE | |
r-patched-linux-x86_64 | 0.0.3 | 3.29 | 28.79 | 32.08 | NOTE | |
r-release-linux-x86_64 | 0.0.3 | 3.10 | 28.71 | 31.81 | NOTE | |
r-release-macos-arm64 | 0.0.3 | 17.00 | NOTE | |||
r-release-macos-x86_64 | 0.0.3 | 25.00 | NOTE | |||
r-release-windows-x86_64 | 0.0.3 | 5.00 | 55.00 | 60.00 | NOTE | |
r-oldrel-macos-arm64 | 0.0.3 | 17.00 | NOTE | |||
r-oldrel-macos-x86_64 | 0.0.3 | 24.00 | NOTE | |||
r-oldrel-windows-x86_64 | 0.0.3 | 5.00 | 51.00 | 56.00 | NOTE |
Version: 0.0.3
Check: LazyData
Result: NOTE
'LazyData' is specified without a 'data' directory
Flavors: r-devel-linux-x86_64-debian-clang, r-devel-linux-x86_64-debian-gcc, r-devel-linux-x86_64-fedora-clang, r-devel-linux-x86_64-fedora-gcc, r-devel-windows-x86_64, r-patched-linux-x86_64, r-release-linux-x86_64, r-release-macos-arm64, r-release-macos-x86_64, r-release-windows-x86_64, r-oldrel-macos-arm64, r-oldrel-macos-x86_64, r-oldrel-windows-x86_64
Version: 0.0.3
Check: Rd cross-references
Result: NOTE
Undeclared packages ‘purrr’, ‘dplyr’ in Rd xrefs
Flavor: r-devel-linux-x86_64-fedora-clang