CRAN Package Check Results for Package lenses

Last updated on 2022-11-29 01:52:11 CET.

Flavor Version Tinstall Tcheck Ttotal Status Flags
r-devel-linux-x86_64-debian-clang 0.0.3 2.64 30.36 33.00 NOTE
r-devel-linux-x86_64-debian-gcc 0.0.3 2.56 23.79 26.35 NOTE
r-devel-linux-x86_64-fedora-clang 0.0.3 52.69 NOTE
r-devel-linux-x86_64-fedora-gcc 0.0.3 53.29 NOTE
r-devel-windows-x86_64 0.0.3 19.00 66.00 85.00 NOTE
r-patched-linux-x86_64 0.0.3 3.69 28.05 31.74 NOTE
r-release-linux-x86_64 0.0.3 2.72 28.65 31.37 NOTE
r-release-macos-arm64 0.0.3 17.00 NOTE
r-release-macos-x86_64 0.0.3 24.00 NOTE
r-release-windows-x86_64 0.0.3 29.00 61.00 90.00 NOTE
r-oldrel-macos-arm64 0.0.3 22.00 NOTE
r-oldrel-macos-x86_64 0.0.3 29.00 NOTE
r-oldrel-windows-ix86+x86_64 0.0.3 8.00 54.00 62.00 NOTE

Check Details

Version: 0.0.3
Check: LazyData
Result: NOTE
     'LazyData' is specified without a 'data' directory
Flavors: r-devel-linux-x86_64-debian-clang, r-devel-linux-x86_64-debian-gcc, r-devel-linux-x86_64-fedora-clang, r-devel-linux-x86_64-fedora-gcc, r-devel-windows-x86_64, r-patched-linux-x86_64, r-release-linux-x86_64, r-release-macos-arm64, r-release-macos-x86_64, r-release-windows-x86_64, r-oldrel-macos-arm64, r-oldrel-macos-x86_64, r-oldrel-windows-ix86+x86_64

Version: 0.0.3
Check: Rd cross-references
Result: NOTE
    Undeclared packages ‘purrr’, ‘dplyr’ in Rd xrefs
Flavor: r-devel-linux-x86_64-fedora-clang