CRAN Package Check Results for Package lemon

Last updated on 2019-07-21 07:49:13 CEST.

Flavor Version Tinstall Tcheck Ttotal Status Flags
r-devel-linux-x86_64-debian-clang 0.4.3 8.46 161.24 169.70 NOTE
r-devel-linux-x86_64-debian-gcc 0.4.3 7.83 119.83 127.66 NOTE
r-devel-linux-x86_64-fedora-clang 0.4.3 192.35 NOTE
r-devel-linux-x86_64-fedora-gcc 0.4.3 192.46 NOTE
r-devel-windows-ix86+x86_64 0.4.3 15.00 227.00 242.00 OK
r-patched-linux-x86_64 0.4.3 8.71 152.49 161.20 OK
r-patched-solaris-x86 0.4.3 280.80 OK
r-release-linux-x86_64 0.4.3 8.13 152.77 160.90 OK
r-release-windows-ix86+x86_64 0.4.3 17.00 160.00 177.00 OK
r-release-osx-x86_64 0.4.3 OK
r-oldrel-windows-ix86+x86_64 0.4.3 20.00 217.00 237.00 OK
r-oldrel-osx-x86_64 0.4.3 OK

Check Details

Version: 0.4.3
Check: for non-standard things in the check directory
Result: NOTE
    Found the following files/directories:
     'data' 'rawdata' 'results' 'tmp.Rdata'
Flavors: r-devel-linux-x86_64-debian-clang, r-devel-linux-x86_64-debian-gcc, r-devel-linux-x86_64-fedora-clang, r-devel-linux-x86_64-fedora-gcc