Last updated on 2023-06-05 13:56:54 CEST.
Flavor | Version | Tinstall | Tcheck | Ttotal | Status | Flags |
---|---|---|---|---|---|---|
r-devel-linux-x86_64-debian-clang | 0.1.18 | 240.37 | 41.85 | 282.22 | OK | |
r-devel-linux-x86_64-debian-gcc | 0.1.18 | 191.83 | 32.86 | 224.69 | OK | |
r-devel-linux-x86_64-fedora-clang | 0.1.18 | 432.44 | OK | |||
r-devel-linux-x86_64-fedora-gcc | 0.1.18 | 440.91 | OK | |||
r-devel-windows-x86_64 | 0.1.18 | 415.00 | 106.00 | 521.00 | NOTE | |
r-patched-linux-x86_64 | 0.1.18 | 202.26 | 41.59 | 243.85 | OK | |
r-release-linux-x86_64 | 0.1.18 | 199.22 | 41.49 | 240.71 | OK | |
r-release-macos-arm64 | 0.1.18 | 141.00 | NOTE | |||
r-release-macos-x86_64 | 0.1.18 | 193.00 | NOTE | |||
r-release-windows-x86_64 | 0.1.18 | 461.00 | 123.00 | 584.00 | NOTE | |
r-oldrel-macos-arm64 | 0.1.18 | 130.00 | NOTE | |||
r-oldrel-macos-x86_64 | 0.1.18 | 152.00 | NOTE | |||
r-oldrel-windows-x86_64 | 0.1.18 | 425.00 | 99.00 | 524.00 | OK |
Version: 0.1.18
Check: installed package size
Result: NOTE
installed size is 6.5Mb
sub-directories of 1Mb or more:
libs 6.2Mb
Flavors: r-devel-windows-x86_64, r-release-macos-arm64, r-release-macos-x86_64, r-release-windows-x86_64, r-oldrel-macos-arm64, r-oldrel-macos-x86_64