CRAN Package Check Results for Package lefko3

Last updated on 2021-12-03 09:53:57 CET.

Flavor Version Tinstall Tcheck Ttotal Status Flags
r-devel-linux-x86_64-debian-clang 4.0.1 327.64 230.92 558.56 OK
r-devel-linux-x86_64-debian-gcc 4.0.1 284.37 174.69 459.06 OK
r-devel-linux-x86_64-fedora-clang 4.0.1 784.60 NOTE
r-devel-linux-x86_64-fedora-gcc 4.0.1 803.29 OK
r-devel-windows-x86_64-new-UL 4.0.1 348.00 336.00 684.00 NOTE
r-devel-windows-x86_64-new-TK 4.0.1 OK
r-devel-windows-x86_64-old 4.0.1 337.00 216.00 553.00 NOTE
r-patched-linux-x86_64 4.0.1 332.94 227.52 560.46 OK
r-patched-solaris-x86 4.0.1 6.30 ERROR
r-release-linux-x86_64 4.0.1 330.86 228.27 559.13 OK
r-release-macos-arm64 4.0.1 NOTE
r-release-macos-x86_64 4.0.1 NOTE
r-release-windows-ix86+x86_64 4.0.1 638.00 398.00 1036.00 NOTE
r-oldrel-macos-x86_64 4.0.1 NOTE
r-oldrel-windows-ix86+x86_64 4.0.1 635.00 385.00 1020.00 NOTE

Check Details

Version: 4.0.1
Check: installed package size
Result: NOTE
     installed size is 26.3Mb
     sub-directories of 1Mb or more:
     doc 2.9Mb
     libs 22.3Mb
Flavors: r-devel-linux-x86_64-fedora-clang, r-devel-windows-x86_64-new-UL, r-devel-windows-x86_64-old, r-release-macos-arm64, r-release-macos-x86_64, r-release-windows-ix86+x86_64, r-oldrel-macos-x86_64, r-oldrel-windows-ix86+x86_64

Version: 4.0.1
Check: package dependencies
Result: ERROR
    Package required but not available: ‘glmmTMB’
    
    See section ‘The DESCRIPTION file’ in the ‘Writing R Extensions’
    manual.
Flavor: r-patched-solaris-x86