CRAN Package Check Results for Package leafpm

Last updated on 2019-05-23 00:22:48 CEST.

Flavor Version Tinstall Tcheck Ttotal Status Flags
r-devel-linux-x86_64-debian-clang 0.1.0 1.64 18.63 20.27 OK
r-devel-linux-x86_64-debian-gcc 0.1.0 1.43 15.70 17.13 OK
r-devel-linux-x86_64-fedora-clang 0.1.0 24.72 NOTE
r-devel-linux-x86_64-fedora-gcc 0.1.0 23.25 NOTE
r-devel-windows-ix86+x86_64 0.1.0 6.00 42.00 48.00 OK
r-patched-linux-x86_64 0.1.0 1.76 18.70 20.46 OK
r-patched-solaris-x86 0.1.0 42.70 NOTE
r-release-linux-x86_64 0.1.0 1.85 18.89 20.74 OK
r-release-windows-ix86+x86_64 0.1.0 10.00 31.00 41.00 OK
r-release-osx-x86_64 0.1.0 NOTE
r-oldrel-windows-ix86+x86_64 0.1.0 3.00 31.00 34.00 OK
r-oldrel-osx-x86_64 0.1.0 NOTE

Check Details

Version: 0.1.0
Check: dependencies in R code
Result: NOTE
    Namespaces in Imports field not imported from:
     ‘dplyr’ ‘htmlwidgets’ ‘jsonlite’ ‘sf’
     All declared Imports should be used.
Flavors: r-devel-linux-x86_64-fedora-clang, r-devel-linux-x86_64-fedora-gcc, r-patched-solaris-x86, r-release-osx-x86_64, r-oldrel-osx-x86_64