CRAN Package Check Results for Package leafletCN

Last updated on 2020-04-05 02:50:34 CEST.

Flavor Version Tinstall Tcheck Ttotal Status Flags
r-devel-linux-x86_64-debian-clang 0.2.1 4.96 40.71 45.67 OK
r-devel-linux-x86_64-debian-gcc 0.2.1 4.68 32.01 36.69 OK
r-devel-linux-x86_64-fedora-clang 0.2.1 55.68 NOTE
r-devel-linux-x86_64-fedora-gcc 0.2.1 55.50 NOTE
r-devel-windows-ix86+x86_64 0.2.1 20.00 55.00 75.00 NOTE
r-devel-windows-ix86+x86_64-gcc8 0.2.1 17.00 54.00 71.00 NOTE
r-patched-linux-x86_64 0.2.1 5.63 39.72 45.35 OK
r-patched-solaris-x86 0.2.1 89.80 NOTE
r-release-linux-x86_64 0.2.1 3.99 36.51 40.50 OK
r-release-windows-ix86+x86_64 0.2.1 13.00 79.00 92.00 NOTE
r-release-osx-x86_64 0.2.1 NOTE
r-oldrel-windows-ix86+x86_64 0.2.1 10.00 53.00 63.00 NOTE
r-oldrel-osx-x86_64 0.2.1 NOTE

Check Details

Version: 0.2.1
Check: installed package size
Result: NOTE
     installed size is 12.1Mb
     sub-directories of 1Mb or more:
     geojson 11.9Mb
Flavors: r-devel-linux-x86_64-fedora-clang, r-devel-windows-ix86+x86_64, r-devel-windows-ix86+x86_64-gcc8, r-patched-solaris-x86, r-release-windows-ix86+x86_64, r-release-osx-x86_64, r-oldrel-windows-ix86+x86_64, r-oldrel-osx-x86_64

Version: 0.2.1
Check: dependencies in R code
Result: NOTE
    Namespace in Imports field not imported from: ‘rgeos’
     All declared Imports should be used.
Flavors: r-devel-linux-x86_64-fedora-clang, r-devel-linux-x86_64-fedora-gcc, r-patched-solaris-x86, r-release-osx-x86_64, r-oldrel-osx-x86_64

Version: 0.2.1
Check: data for non-ASCII characters
Result: NOTE
     Note: found 1096 marked UTF-8 strings
Flavors: r-devel-linux-x86_64-fedora-clang, r-devel-linux-x86_64-fedora-gcc, r-patched-solaris-x86, r-release-osx-x86_64, r-oldrel-osx-x86_64