CRAN Package Check Results for Package leafletCN

Last updated on 2020-07-14 22:48:11 CEST.

Flavor Version Tinstall Tcheck Ttotal Status Flags
r-devel-linux-x86_64-debian-clang 0.2.1 4.42 38.82 43.24 OK
r-devel-linux-x86_64-debian-gcc 0.2.1 4.41 30.34 34.75 OK
r-devel-linux-x86_64-fedora-clang 0.2.1 58.96 NOTE
r-devel-linux-x86_64-fedora-gcc 0.2.1 52.89 NOTE
r-devel-windows-ix86+x86_64 0.2.1 19.00 72.00 91.00 NOTE
r-patched-linux-x86_64 0.2.1 4.69 37.55 42.24 OK
r-patched-solaris-x86 0.2.1 80.80 NOTE
r-release-linux-x86_64 0.2.1 4.46 38.00 42.46 OK
r-release-macos-x86_64 0.2.1 ERROR
r-release-windows-ix86+x86_64 0.2.1 30.00 55.00 85.00 NOTE
r-oldrel-macos-x86_64 0.2.1 NOTE
r-oldrel-windows-ix86+x86_64 0.2.1 27.00 71.00 98.00 NOTE

Check Details

Version: 0.2.1
Check: installed package size
Result: NOTE
     installed size is 12.1Mb
     sub-directories of 1Mb or more:
     geojson 11.9Mb
Flavors: r-devel-linux-x86_64-fedora-clang, r-devel-windows-ix86+x86_64, r-patched-solaris-x86, r-release-windows-ix86+x86_64, r-oldrel-macos-x86_64, r-oldrel-windows-ix86+x86_64

Version: 0.2.1
Check: dependencies in R code
Result: NOTE
    Namespace in Imports field not imported from: ‘rgeos’
     All declared Imports should be used.
Flavors: r-devel-linux-x86_64-fedora-clang, r-devel-linux-x86_64-fedora-gcc, r-patched-solaris-x86, r-oldrel-macos-x86_64

Version: 0.2.1
Check: data for non-ASCII characters
Result: NOTE
     Note: found 1096 marked UTF-8 strings
Flavors: r-devel-linux-x86_64-fedora-clang, r-devel-linux-x86_64-fedora-gcc, r-patched-solaris-x86, r-oldrel-macos-x86_64

Version: 0.2.1
Check: whether package can be installed
Result: ERROR
    Installation failed.
Flavor: r-release-macos-x86_64