CRAN Package Check Results for Package leafletCN

Last updated on 2022-08-16 19:05:41 CEST.

Flavor Version Tinstall Tcheck Ttotal Status Flags
r-devel-linux-x86_64-debian-clang 0.2.1 6.27 46.81 53.08 OK
r-devel-linux-x86_64-debian-gcc 0.2.1 4.87 35.96 40.83 OK
r-devel-linux-x86_64-fedora-clang 0.2.1 72.79 NOTE
r-devel-linux-x86_64-fedora-gcc 0.2.1 73.55 NOTE
r-devel-windows-x86_64 0.2.1 110.00 82.00 192.00 NOTE
r-patched-linux-x86_64 0.2.1 3.51 45.44 48.95 OK
r-release-linux-x86_64 0.2.1 4.04 45.40 49.44 OK
r-release-macos-arm64 0.2.1 21.00 NOTE
r-release-macos-x86_64 0.2.1 48.00 NOTE
r-release-windows-x86_64 0.2.1 132.00 79.00 211.00 NOTE
r-oldrel-macos-arm64 0.2.1 31.00 NOTE
r-oldrel-macos-x86_64 0.2.1 45.00 NOTE
r-oldrel-windows-ix86+x86_64 0.2.1 15.00 69.00 84.00 NOTE

Check Details

Version: 0.2.1
Check: installed package size
Result: NOTE
     installed size is 12.1Mb
     sub-directories of 1Mb or more:
     geojson 11.9Mb
Flavors: r-devel-linux-x86_64-fedora-clang, r-devel-windows-x86_64, r-release-macos-arm64, r-release-macos-x86_64, r-release-windows-x86_64, r-oldrel-macos-arm64, r-oldrel-macos-x86_64, r-oldrel-windows-ix86+x86_64

Version: 0.2.1
Check: dependencies in R code
Result: NOTE
    Namespace in Imports field not imported from: ‘rgeos’
     All declared Imports should be used.
Flavors: r-devel-linux-x86_64-fedora-clang, r-devel-linux-x86_64-fedora-gcc, r-release-macos-arm64, r-release-macos-x86_64, r-oldrel-macos-arm64, r-oldrel-macos-x86_64

Version: 0.2.1
Check: data for non-ASCII characters
Result: NOTE
     Note: found 1096 marked UTF-8 strings
Flavors: r-devel-linux-x86_64-fedora-clang, r-devel-linux-x86_64-fedora-gcc, r-release-macos-arm64, r-release-macos-x86_64, r-oldrel-macos-arm64, r-oldrel-macos-x86_64