CRAN Package Check Results for Package leaflet.opacity

Last updated on 2022-08-12 12:56:11 CEST.

Flavor Version Tinstall Tcheck Ttotal Status Flags
r-devel-linux-x86_64-debian-clang 0.1.0 2.59 50.32 52.91 NOTE
r-devel-linux-x86_64-debian-gcc 0.1.0 1.85 37.95 39.80 NOTE
r-devel-linux-x86_64-fedora-clang 0.1.0 72.03 NOTE
r-devel-linux-x86_64-fedora-gcc 0.1.0 74.89 NOTE
r-devel-windows-x86_64 0.1.0 56.00 83.00 139.00 NOTE
r-patched-linux-x86_64 0.1.0 2.49 48.18 50.67 NOTE
r-release-linux-x86_64 0.1.0 2.44 48.13 50.57 NOTE
r-release-macos-arm64 0.1.0 23.00 NOTE
r-release-macos-x86_64 0.1.0 34.00 NOTE
r-release-windows-x86_64 0.1.0 101.00 80.00 181.00 NOTE
r-oldrel-macos-arm64 0.1.0 24.00 NOTE
r-oldrel-macos-x86_64 0.1.0 34.00 NOTE
r-oldrel-windows-ix86+x86_64 0.1.0 6.00 85.00 91.00 NOTE

Check Details

Version: 0.1.0
Check: LazyData
Result: NOTE
     'LazyData' is specified without a 'data' directory
Flavors: r-devel-linux-x86_64-debian-clang, r-devel-linux-x86_64-debian-gcc, r-devel-linux-x86_64-fedora-clang, r-devel-linux-x86_64-fedora-gcc, r-devel-windows-x86_64, r-patched-linux-x86_64, r-release-linux-x86_64, r-release-macos-arm64, r-release-macos-x86_64, r-release-windows-x86_64, r-oldrel-macos-arm64, r-oldrel-macos-x86_64, r-oldrel-windows-ix86+x86_64