CRAN Package Check Results for Package leafdown

Last updated on 2022-05-28 04:54:55 CEST.

Flavor Version Tinstall Tcheck Ttotal Status Flags
r-devel-linux-x86_64-debian-clang 1.1.1 6.01 74.60 80.61 OK
r-devel-linux-x86_64-debian-gcc 1.1.1 5.25 57.56 62.81 OK
r-devel-linux-x86_64-fedora-clang 1.1.1 99.77 NOTE
r-devel-linux-x86_64-fedora-gcc 1.1.1 93.68 NOTE
r-devel-windows-x86_64 1.1.1 29.00 116.00 145.00 OK
r-patched-linux-x86_64 1.1.1 5.25 73.31 78.56 OK
r-release-linux-x86_64 1.1.1 5.34 71.39 76.73 OK
r-release-macos-arm64 1.1.1 32.00 NOTE
r-release-macos-x86_64 1.1.1 71.00 NOTE
r-release-windows-x86_64 1.1.1 27.00 112.00 139.00 OK
r-oldrel-macos-arm64 1.1.1 36.00 NOTE
r-oldrel-macos-x86_64 1.1.1 55.00 NOTE
r-oldrel-windows-ix86+x86_64 1.1.1 15.00 109.00 124.00 OK

Check Details

Version: 1.1.1
Check: data for non-ASCII characters
Result: NOTE
     Note: found 75 marked UTF-8 strings
Flavors: r-devel-linux-x86_64-fedora-clang, r-devel-linux-x86_64-fedora-gcc, r-release-macos-arm64, r-release-macos-x86_64, r-oldrel-macos-arm64, r-oldrel-macos-x86_64