Last updated on 2023-06-07 23:40:38 CEST.
Flavor | Version | Tinstall | Tcheck | Ttotal | Status | Flags |
---|---|---|---|---|---|---|
r-devel-linux-x86_64-debian-clang | 0.2.0.0 | 601.79 | 83.41 | 685.20 | OK | |
r-devel-linux-x86_64-debian-gcc | 0.2.0.0 | 459.79 | 63.94 | 523.73 | OK | |
r-devel-linux-x86_64-fedora-clang | 0.2.0.0 | 1044.57 | OK | |||
r-devel-linux-x86_64-fedora-gcc | 0.2.0.0 | 1072.55 | OK | |||
r-devel-windows-x86_64 | 0.2.0.0 | 458.00 | 162.00 | 620.00 | OK | |
r-patched-linux-x86_64 | 0.2.0.0 | 425.65 | 81.11 | 506.76 | OK | |
r-release-linux-x86_64 | 0.2.0.0 | 360.98 | 82.05 | 443.03 | OK | |
r-release-macos-arm64 | 0.2.0.0 | 247.00 | NOTE | |||
r-release-macos-x86_64 | 0.2.0.0 | 336.00 | NOTE | |||
r-release-windows-x86_64 | 0.2.0.0 | 598.00 | 189.00 | 787.00 | OK | |
r-oldrel-macos-arm64 | 0.2.0.0 | 199.00 | NOTE | |||
r-oldrel-macos-x86_64 | 0.2.0.0 | 295.00 | NOTE | |||
r-oldrel-windows-x86_64 | 0.2.0.0 | 588.00 | 165.00 | 753.00 | OK |
Version: 0.2.0.0
Check: installed package size
Result: NOTE
installed size is 27.4Mb
sub-directories of 1Mb or more:
libs 26.6Mb
Flavors: r-release-macos-arm64, r-release-macos-x86_64, r-oldrel-macos-arm64, r-oldrel-macos-x86_64