CRAN Package Check Results for Package ldsr

Last updated on 2024-02-26 15:53:04 CET.

Flavor Version Tinstall Tcheck Ttotal Status Flags
r-devel-linux-x86_64-debian-clang 0.0.2 52.75 73.55 126.30 NOTE
r-devel-linux-x86_64-debian-gcc 0.0.2 37.81 54.86 92.67 NOTE
r-devel-linux-x86_64-fedora-clang 0.0.2 165.49 NOTE
r-devel-linux-x86_64-fedora-gcc 0.0.2 174.76 NOTE
r-devel-windows-x86_64 0.0.2 39.00 100.00 139.00 NOTE
r-patched-linux-x86_64 0.0.2 47.33 69.00 116.33 NOTE
r-release-linux-x86_64 0.0.2 46.10 69.26 115.36 NOTE
r-release-macos-arm64 0.0.2 54.00 NOTE
r-release-macos-x86_64 0.0.2 85.00 NOTE
r-release-windows-x86_64 0.0.2 51.00 113.00 164.00 NOTE
r-oldrel-macos-arm64 0.0.2 44.00 OK
r-oldrel-windows-x86_64 0.0.2 49.00 105.00 154.00 OK

Check Details

Version: 0.0.2
Check: C++ specification
Result: NOTE Specified C++11: please drop specification unless essential Flavors: r-devel-linux-x86_64-debian-clang, r-devel-linux-x86_64-debian-gcc, r-devel-linux-x86_64-fedora-clang, r-devel-linux-x86_64-fedora-gcc, r-devel-windows-x86_64, r-patched-linux-x86_64, r-release-linux-x86_64, r-release-macos-arm64, r-release-macos-x86_64, r-release-windows-x86_64

Version: 0.0.2
Check: package subdirectories
Result: NOTE Problems with news in ‘NEWS.md’: No news entries found. Flavors: r-devel-linux-x86_64-debian-clang, r-devel-linux-x86_64-debian-gcc, r-devel-linux-x86_64-fedora-clang, r-devel-linux-x86_64-fedora-gcc, r-devel-windows-x86_64, r-patched-linux-x86_64, r-release-linux-x86_64, r-release-macos-arm64, r-release-macos-x86_64, r-release-windows-x86_64