CRAN Package Check Results for Package ldat

Last updated on 2019-06-16 13:46:34 CEST.

Flavor Version Tinstall Tcheck Ttotal Status Flags
r-devel-linux-x86_64-debian-clang 0.2.0 38.20 31.00 69.20 OK
r-devel-linux-x86_64-debian-gcc 0.2.0 32.73 25.66 58.39 OK
r-devel-linux-x86_64-fedora-clang 0.2.0 106.86 OK
r-devel-linux-x86_64-fedora-gcc 0.2.0 94.42 OK
r-devel-windows-ix86+x86_64 0.2.0 139.00 97.00 236.00 OK
r-patched-linux-x86_64 0.2.0 38.27 31.39 69.66 OK
r-patched-solaris-x86 0.2.0 105.30 ERROR
r-release-linux-x86_64 0.2.0 39.55 31.58 71.13 OK
r-release-windows-ix86+x86_64 0.2.0 95.00 143.00 238.00 OK
r-release-osx-x86_64 0.2.0 OK
r-oldrel-windows-ix86+x86_64 0.2.0 103.00 124.00 227.00 OK
r-oldrel-osx-x86_64 0.2.0 OK

Additional issues

clang-UBSAN gcc-UBSAN

Check Details

Version: 0.2.0
Check: tests
Result: ERROR
     Running ‘tests.R’
    Running the tests in ‘tests/tests.R’ failed.
    Complete output:
     > library(ldat)
     Loading required package: lvec
    
     Attaching package: 'lvec'
    
     The following object is masked from 'package:base':
    
     order
    
     Loading required package: Rcpp
    
     Attaching package: 'ldat'
    
     The following objects are masked from 'package:base':
    
     append, match, table, which
    
     > library(testthat)
     >
     > test_check("ldat")
     Error in gzfile(file, "rb") : cannot open the connection
     Calls: test_check ... loadNamespace -> find.package -> lapply -> FUN -> readRDS -> gzfile
     In addition: Warning message:
     In gzfile(file, "rb") :
     cannot open compressed file '/tmp/RtmpRxaGPX/RLIBS_634c76f14e0b/cli/Meta/package.rds', probable reason 'Too many open files'
     Execution halted
Flavor: r-patched-solaris-x86