CRAN Package Check Results for Package ldamatch

Last updated on 2019-04-20 18:48:09 CEST.

Flavor Version Tinstall Tcheck Ttotal Status Flags
r-devel-linux-x86_64-debian-clang 1.0.1 4.98 153.65 158.63 OK
r-devel-linux-x86_64-debian-gcc 1.0.1 5.00 119.02 124.02 OK
r-devel-linux-x86_64-fedora-clang 1.0.1 173.11 OK
r-devel-linux-x86_64-fedora-gcc 1.0.1 165.40 OK
r-devel-windows-ix86+x86_64 1.0.1 22.00 251.00 273.00 NOTE
r-patched-linux-x86_64 1.0.1 5.25 146.01 151.26 OK
r-patched-solaris-x86 1.0.1 404.30 OK
r-release-linux-x86_64 1.0.1 3.80 144.54 148.34 OK
r-release-windows-ix86+x86_64 1.0.1 8.00 252.00 260.00 NOTE
r-release-osx-x86_64 1.0.1 OK
r-oldrel-windows-ix86+x86_64 1.0.1 11.00 257.00 268.00 NOTE
r-oldrel-osx-x86_64 1.0.1 OK

Check Details

Version: 1.0.1
Check: package dependencies
Result: NOTE
    Package suggested but not available for checking: 'doMC'
Flavors: r-devel-windows-ix86+x86_64, r-release-windows-ix86+x86_64, r-oldrel-windows-ix86+x86_64