CRAN Package Check Results for Package ldamatch

Last updated on 2019-06-24 12:47:04 CEST.

Flavor Version Tinstall Tcheck Ttotal Status Flags
r-devel-linux-x86_64-debian-clang 1.0.1 6.09 153.66 159.75 OK
r-devel-linux-x86_64-debian-gcc 1.0.1 4.21 114.29 118.50 OK
r-devel-linux-x86_64-fedora-clang 1.0.1 172.78 OK
r-devel-linux-x86_64-fedora-gcc 1.0.1 164.33 OK
r-devel-windows-ix86+x86_64 1.0.1 23.00 191.00 214.00 NOTE
r-patched-linux-x86_64 1.0.1 5.29 146.76 152.05 OK
r-patched-solaris-x86 1.0.1 409.30 OK
r-release-linux-x86_64 1.0.1 4.94 145.07 150.01 OK
r-release-windows-ix86+x86_64 1.0.1 16.00 278.00 294.00 NOTE
r-release-osx-x86_64 1.0.1 OK
r-oldrel-windows-ix86+x86_64 1.0.1 9.00 192.00 201.00 NOTE
r-oldrel-osx-x86_64 1.0.1 OK

Check Details

Version: 1.0.1
Check: package dependencies
Result: NOTE
    Package suggested but not available for checking: 'doMC'
Flavors: r-devel-windows-ix86+x86_64, r-release-windows-ix86+x86_64, r-oldrel-windows-ix86+x86_64