CRAN Package Check Results for Package lcsm

Last updated on 2021-12-03 09:53:57 CET.

Flavor Version Tinstall Tcheck Ttotal Status Flags
r-devel-linux-x86_64-debian-clang 0.1.2 3.99 91.17 95.16 OK
r-devel-linux-x86_64-debian-gcc 0.1.2 3.03 67.55 70.58 OK
r-devel-linux-x86_64-fedora-clang 0.1.2 122.38 NOTE
r-devel-linux-x86_64-fedora-gcc 0.1.2 108.61 NOTE
r-devel-windows-x86_64-new-UL 0.1.2 14.00 149.00 163.00 OK
r-devel-windows-x86_64-new-TK 0.1.2 NOTE
r-devel-windows-x86_64-old 0.1.2 12.00 92.00 104.00 OK
r-patched-linux-x86_64 0.1.2 4.91 89.80 94.71 OK
r-patched-solaris-x86 0.1.2 115.10 NOTE
r-release-linux-x86_64 0.1.2 4.46 91.79 96.25 OK
r-release-macos-arm64 0.1.2 NOTE
r-release-macos-x86_64 0.1.2 NOTE
r-release-windows-ix86+x86_64 0.1.2 12.00 136.00 148.00 OK
r-oldrel-macos-x86_64 0.1.2 NOTE
r-oldrel-windows-ix86+x86_64 0.1.2 11.00 125.00 136.00 OK

Check Details

Version: 0.1.2
Check: dependencies in R code
Result: NOTE
    Namespaces in Imports field not imported from:
     ‘data.table’ ‘utf8’
     All declared Imports should be used.
Flavors: r-devel-linux-x86_64-fedora-clang, r-devel-linux-x86_64-fedora-gcc, r-devel-windows-x86_64-new-TK, r-patched-solaris-x86, r-release-macos-arm64, r-release-macos-x86_64, r-oldrel-macos-x86_64