Last updated on 2023-03-20 13:53:12 CET.
Flavor | Version | Tinstall | Tcheck | Ttotal | Status | Flags |
---|---|---|---|---|---|---|
r-devel-linux-x86_64-debian-clang | 0.1.1 | NOTE | ||||
r-devel-linux-x86_64-debian-gcc | 0.1.1 | 7.60 | 58.90 | 66.50 | NOTE | |
r-devel-linux-x86_64-fedora-clang | 0.1.1 | 112.72 | NOTE | |||
r-devel-linux-x86_64-fedora-gcc | 0.1.1 | 103.34 | NOTE | |||
r-patched-linux-x86_64 | 0.1.1 | 8.72 | 73.68 | 82.40 | NOTE | |
r-release-linux-x86_64 | 0.1.1 | 9.00 | 72.73 | 81.73 | NOTE | |
r-release-macos-arm64 | 0.1.1 | 31.00 | NOTE | |||
r-release-macos-x86_64 | 0.1.1 | 44.00 | NOTE | |||
r-release-windows-x86_64 | 0.1.1 | 13.00 | 107.00 | 120.00 | NOTE | |
r-oldrel-macos-arm64 | 0.1.1 | 37.00 | NOTE | |||
r-oldrel-macos-x86_64 | 0.1.1 | 60.00 | NOTE | |||
r-oldrel-windows-ix86+x86_64 | 0.1.1 | 19.00 | 96.00 | 115.00 | NOTE |
Version: 0.1.1
Check: LazyData
Result: NOTE
'LazyData' is specified without a 'data' directory
Flavors: r-devel-linux-x86_64-debian-clang, r-devel-linux-x86_64-debian-gcc, r-devel-linux-x86_64-fedora-clang, r-devel-linux-x86_64-fedora-gcc, r-patched-linux-x86_64, r-release-linux-x86_64, r-release-macos-arm64, r-release-macos-x86_64, r-release-windows-x86_64, r-oldrel-macos-arm64, r-oldrel-macos-x86_64, r-oldrel-windows-ix86+x86_64