CRAN Package Check Results for Package lazysf

Last updated on 2024-06-21 03:57:51 CEST.

Flavor Version Tinstall Tcheck Ttotal Status Flags
r-devel-linux-x86_64-debian-clang 0.1.0 9.95 73.10 83.05 NOTE
r-devel-linux-x86_64-debian-gcc 0.1.0 6.34 54.94 61.28 NOTE
r-devel-linux-x86_64-fedora-clang 0.1.0 102.01 NOTE
r-devel-linux-x86_64-fedora-gcc 0.1.0 108.58 NOTE
r-devel-windows-x86_64 0.1.0 8.00 71.00 79.00 NOTE
r-patched-linux-x86_64 0.1.0 14.61 70.95 85.56 NOTE
r-release-linux-x86_64 0.1.0 5.83 69.52 75.35 NOTE
r-release-macos-arm64 0.1.0 38.00 NOTE
r-release-macos-x86_64 0.1.0 58.00 NOTE
r-release-windows-x86_64 0.1.0 7.00 77.00 84.00 NOTE
r-oldrel-macos-arm64 0.1.0 34.00 NOTE
r-oldrel-macos-x86_64 0.1.0 60.00 NOTE
r-oldrel-windows-x86_64 0.1.0 10.00 81.00 91.00 NOTE

Check Details

Version: 0.1.0
Check: LazyData
Result: NOTE 'LazyData' is specified without a 'data' directory Flavors: r-devel-linux-x86_64-debian-clang, r-devel-linux-x86_64-debian-gcc, r-devel-linux-x86_64-fedora-clang, r-devel-linux-x86_64-fedora-gcc, r-devel-windows-x86_64, r-patched-linux-x86_64, r-release-linux-x86_64, r-release-macos-arm64, r-release-macos-x86_64, r-release-windows-x86_64, r-oldrel-macos-arm64, r-oldrel-macos-x86_64, r-oldrel-windows-x86_64