Last updated on 2023-12-06 18:52:48 CET.
Flavor | Version | Tinstall | Tcheck | Ttotal | Status | Flags |
---|---|---|---|---|---|---|
r-devel-linux-x86_64-debian-clang | 0.1.0 | 9.31 | 70.71 | 80.02 | NOTE | |
r-devel-linux-x86_64-debian-gcc | 0.1.0 | 6.66 | 53.17 | 59.83 | NOTE | |
r-devel-linux-x86_64-fedora-clang | 0.1.0 | 97.17 | NOTE | |||
r-devel-linux-x86_64-fedora-gcc | 0.1.0 | 103.45 | NOTE | |||
r-devel-windows-x86_64 | 0.1.0 | 9.00 | 72.00 | 81.00 | NOTE | |
r-patched-linux-x86_64 | 0.1.0 | 12.11 | 66.71 | 78.82 | NOTE | |
r-release-linux-x86_64 | 0.1.0 | 5.77 | 67.18 | 72.95 | NOTE | |
r-release-macos-arm64 | 0.1.0 | 34.00 | NOTE | |||
r-release-macos-x86_64 | 0.1.0 | 60.00 | NOTE | |||
r-release-windows-x86_64 | 0.1.0 | 12.00 | 81.00 | 93.00 | NOTE | |
r-oldrel-macos-arm64 | 0.1.0 | 29.00 | NOTE | |||
r-oldrel-macos-x86_64 | 0.1.0 | 54.00 | NOTE | |||
r-oldrel-windows-x86_64 | 0.1.0 | 13.00 | 81.00 | 94.00 | NOTE |
Version: 0.1.0
Check: LazyData
Result: NOTE
'LazyData' is specified without a 'data' directory
Flavors: r-devel-linux-x86_64-debian-clang, r-devel-linux-x86_64-debian-gcc, r-devel-linux-x86_64-fedora-clang, r-devel-linux-x86_64-fedora-gcc, r-devel-windows-x86_64, r-patched-linux-x86_64, r-release-linux-x86_64, r-release-macos-arm64, r-release-macos-x86_64, r-release-windows-x86_64, r-oldrel-macos-arm64, r-oldrel-macos-x86_64, r-oldrel-windows-x86_64