CRAN Package Check Results for Package lazyeval

Last updated on 2020-10-19 16:48:35 CEST.

Flavor Version Tinstall Tcheck Ttotal Status Flags
r-devel-linux-x86_64-debian-clang 0.2.2 2.66 31.92 34.58 OK
r-devel-linux-x86_64-debian-gcc 0.2.2 2.56 24.88 27.44 OK
r-devel-linux-x86_64-fedora-clang 0.2.2 53.51 OK
r-devel-linux-x86_64-fedora-gcc 0.2.2 43.02 OK
r-devel-windows-ix86+x86_64 0.2.2 11.00 48.00 59.00 OK
r-patched-linux-x86_64 0.2.2 2.87 30.99 33.86 OK
r-patched-solaris-x86 0.2.2 59.30 OK
r-release-linux-x86_64 0.2.2 3.44 31.17 34.61 OK
r-release-macos-x86_64 0.2.2 OK
r-release-windows-ix86+x86_64 0.2.2 11.00 46.00 57.00 OK
r-oldrel-macos-x86_64 0.2.2 ERROR
r-oldrel-windows-ix86+x86_64 0.2.2 10.00 52.00 62.00 OK

Check Details

Version: 0.2.2
Check: tests
Result: ERROR
     Running ‘testthat.R’ [0s/1s]
    Running the tests in ‘tests/testthat.R’ failed.
    Complete output:
     > library(testthat)
     Error: package or namespace load failed for 'testthat' in loadNamespace(i, c(lib.loc, .libPaths()), versionCheck = vI[[i]]):
     there is no package called 'rlang'
     Execution halted
Flavor: r-oldrel-macos-x86_64