CRAN Package Check Results for Package lazybar

Last updated on 2020-10-21 14:47:01 CEST.

Flavor Version Tinstall Tcheck Ttotal Status Flags
r-devel-linux-x86_64-debian-clang 0.1.0 2.59 18.39 20.98 OK
r-devel-linux-x86_64-debian-gcc 0.1.0 2.20 14.59 16.79 OK
r-devel-linux-x86_64-fedora-clang 0.1.0 36.41 NOTE
r-devel-linux-x86_64-fedora-gcc 0.1.0 25.22 NOTE
r-devel-windows-ix86+x86_64 0.1.0 6.00 33.00 39.00 OK
r-patched-linux-x86_64 0.1.0 2.31 17.82 20.13 OK
r-patched-solaris-x86 0.1.0 38.60 NOTE
r-release-linux-x86_64 0.1.0 2.67 17.62 20.29 OK
r-release-macos-x86_64 0.1.0 NOTE
r-release-windows-ix86+x86_64 0.1.0 5.00 24.00 29.00 OK
r-oldrel-macos-x86_64 0.1.0 NOTE
r-oldrel-windows-ix86+x86_64 0.1.0 4.00 26.00 30.00 OK

Check Details

Version: 0.1.0
Check: dependencies in R code
Result: NOTE
    Namespace in Imports field not imported from: ‘R6’
     All declared Imports should be used.
Flavors: r-devel-linux-x86_64-fedora-clang, r-devel-linux-x86_64-fedora-gcc, r-patched-solaris-x86, r-release-macos-x86_64, r-oldrel-macos-x86_64