Last updated on 2023-06-05 13:56:54 CEST.
Flavor | Version | Tinstall | Tcheck | Ttotal | Status | Flags |
---|---|---|---|---|---|---|
r-devel-linux-x86_64-debian-clang | 1.2.1 | 88.98 | 41.18 | 130.16 | OK | |
r-devel-linux-x86_64-debian-gcc | 1.2.1 | 52.10 | 31.61 | 83.71 | OK | |
r-devel-linux-x86_64-fedora-clang | 1.2.1 | 150.97 | OK | |||
r-devel-linux-x86_64-fedora-gcc | 1.2.1 | 152.75 | OK | |||
r-devel-windows-x86_64 | 1.2.1 | 48.00 | 78.00 | 126.00 | OK | |
r-patched-linux-x86_64 | 1.2.1 | 57.78 | 39.41 | 97.19 | OK | |
r-release-linux-x86_64 | 1.2.1 | 56.29 | 39.74 | 96.03 | OK | |
r-release-macos-arm64 | 1.2.1 | 49.00 | NOTE | |||
r-release-macos-x86_64 | 1.2.1 | 70.00 | NOTE | |||
r-release-windows-x86_64 | 1.2.1 | 59.00 | 85.00 | 144.00 | OK | |
r-oldrel-macos-arm64 | 1.2.1 | 47.00 | NOTE | |||
r-oldrel-macos-x86_64 | 1.2.1 | 54.00 | NOTE | |||
r-oldrel-windows-x86_64 | 1.2.1 | 56.00 | 80.00 | 136.00 | OK |
Version: 1.2.1
Check: installed package size
Result: NOTE
installed size is 15.4Mb
sub-directories of 1Mb or more:
libs 15.2Mb
Flavors: r-release-macos-arm64, r-release-macos-x86_64, r-oldrel-macos-arm64, r-oldrel-macos-x86_64