CRAN Package Check Results for Package latticeExtra

Last updated on 2022-01-17 09:56:02 CET.

Flavor Version Tinstall Tcheck Ttotal Status Flags
r-devel-linux-x86_64-debian-clang 0.6-29 7.31 99.56 106.87 OK
r-devel-linux-x86_64-debian-gcc 0.6-29 5.50 75.45 80.95 OK
r-devel-linux-x86_64-fedora-clang 0.6-29 128.44 NOTE
r-devel-linux-x86_64-fedora-gcc 0.6-29 116.63 OK
r-devel-windows-x86_64-new-UL 0.6-29 182.00 130.00 312.00 OK
r-devel-windows-x86_64-new-TK 0.6-29 OK
r-patched-linux-x86_64 0.6-29 7.70 92.40 100.10 OK
r-release-linux-x86_64 0.6-29 OK
r-release-macos-arm64 0.6-29 OK
r-release-macos-x86_64 0.6-29 OK
r-release-windows-ix86+x86_64 0.6-29 14.00 122.00 136.00 OK
r-oldrel-macos-x86_64 0.6-29 OK
r-oldrel-windows-ix86+x86_64 0.6-29 15.00 117.00 132.00 OK

Check Details

Version: 0.6-29
Check: Rd cross-references
Result: NOTE
    Undeclared package ‘ggplot2’ in Rd xrefs
Flavor: r-devel-linux-x86_64-fedora-clang