Last updated on 2023-01-30 07:55:10 CET.
Flavor | Version | Tinstall | Tcheck | Ttotal | Status | Flags |
---|---|---|---|---|---|---|
r-devel-linux-x86_64-debian-clang | 0.20-45 | 17.42 | 165.55 | 182.97 | OK | |
r-devel-linux-x86_64-debian-gcc | 0.20-45 | 11.72 | 121.97 | 133.69 | OK | |
r-devel-linux-x86_64-fedora-clang | 0.20-45 | 223.44 | NOTE | |||
r-devel-linux-x86_64-fedora-gcc | 0.20-45 | 212.90 | OK | |||
r-devel-windows-x86_64 | 0.20-45 | 95.00 | 216.00 | 311.00 | OK | |
r-patched-linux-x86_64 | 0.20-45 | 16.47 | 151.72 | 168.19 | OK | |
r-release-linux-x86_64 | 0.20-45 | 13.61 | 151.06 | 164.67 | OK | |
r-release-macos-arm64 | 0.20-45 | 54.00 | OK | |||
r-release-macos-x86_64 | 0.20-45 | 80.00 | OK | |||
r-release-windows-x86_64 | 0.20-45 | 104.00 | 207.00 | 311.00 | OK | |
r-oldrel-macos-arm64 | 0.20-45 | 59.00 | OK | |||
r-oldrel-macos-x86_64 | 0.20-45 | 97.00 | OK | |||
r-oldrel-windows-ix86+x86_64 | 0.20-45 | 33.00 | 235.00 | 268.00 | OK |
Version: 0.20-45
Check: Rd cross-references
Result: NOTE
Undeclared package ‘zoo’ in Rd xrefs
Flavor: r-devel-linux-x86_64-fedora-clang