Last updated on 2023-03-30 05:49:12 CEST.
Flavor | Version | Tinstall | Tcheck | Ttotal | Status | Flags |
---|---|---|---|---|---|---|
r-devel-linux-x86_64-debian-clang | 0.3.1 | 17.55 | 26.83 | 44.38 | WARN | |
r-devel-linux-x86_64-debian-gcc | 0.3.1 | 13.86 | 20.80 | 34.66 | WARN | |
r-devel-linux-x86_64-fedora-clang | 0.3.1 | 70.92 | WARN | |||
r-devel-linux-x86_64-fedora-gcc | 0.3.1 | 66.70 | WARN | |||
r-devel-windows-x86_64 | 0.3.1 | 62.00 | 0.00 | 62.00 | NOTE | |
r-patched-linux-x86_64 | 0.3.1 | 14.16 | 25.47 | 39.63 | WARN | |
r-release-linux-x86_64 | 0.3.1 | 13.67 | 25.86 | 39.53 | NOTE | |
r-release-macos-arm64 | 0.3.1 | 24.00 | OK | |||
r-release-macos-x86_64 | 0.3.1 | 30.00 | OK | |||
r-release-windows-x86_64 | 0.3.1 | 49.00 | 77.00 | 126.00 | OK | |
r-oldrel-macos-arm64 | 0.3.1 | 25.00 | OK | |||
r-oldrel-macos-x86_64 | 0.3.1 | 40.00 | OK | |||
r-oldrel-windows-ix86+x86_64 | 0.3.1 | 74.00 | 78.00 | 152.00 | OK |
Version: 0.3.1
Check: whether package can be installed
Result: WARN
Found the following significant warnings:
init.c:19:26: warning: a function declaration without a prototype is deprecated in all versions of C [-Wstrict-prototypes]
See ‘/home/hornik/tmp/R.check/r-devel-clang/Work/PKGS/largeList.Rcheck/00install.out’ for details.
* used C compiler: ‘Debian clang version 15.0.6’
* used C++ compiler: ‘Debian clang version 15.0.6’
Flavor: r-devel-linux-x86_64-debian-clang
Version: 0.3.1
Check: C++ specification
Result: NOTE
Specified C++11: please drop specification unless essential
Flavors: r-devel-linux-x86_64-debian-clang, r-devel-linux-x86_64-debian-gcc, r-devel-linux-x86_64-fedora-clang, r-devel-linux-x86_64-fedora-gcc, r-devel-windows-x86_64, r-patched-linux-x86_64
Version: 0.3.1
Check: for non-standard things in the check directory
Result: NOTE
Found the following files/directories:
‘example.llo’
Flavors: r-devel-linux-x86_64-debian-clang, r-devel-linux-x86_64-debian-gcc, r-devel-linux-x86_64-fedora-clang, r-devel-linux-x86_64-fedora-gcc, r-patched-linux-x86_64, r-release-linux-x86_64
Version: 0.3.1
Check: whether package can be installed
Result: WARN
Found the following significant warnings:
init.c:19:1: warning: function declaration isn’t a prototype [-Wstrict-prototypes]
See ‘/home/hornik/tmp/R.check/r-devel-gcc/Work/PKGS/largeList.Rcheck/00install.out’ for details.
* used C compiler: ‘gcc-12 (Debian 12.2.0-14) 12.2.0’
* used C++ compiler: ‘g++-12 (Debian 12.2.0-14) 12.2.0’
Flavor: r-devel-linux-x86_64-debian-gcc
Version: 0.3.1
Check: whether package can be installed
Result: WARN
Found the following significant warnings:
init.c:19:26: warning: a function declaration without a prototype is deprecated in all versions of C [-Wstrict-prototypes]
See ‘/data/gannet/ripley/R/packages/tests-clang/largeList.Rcheck/00install.out’ for details.
* used C compiler: ‘clang version 16.0.0’
* used C++ compiler: ‘clang version 16.0.0’
Flavor: r-devel-linux-x86_64-fedora-clang
Version: 0.3.1
Check: whether package can be installed
Result: WARN
Found the following significant warnings:
init.c:19:1: warning: function declaration isn’t a prototype [-Wstrict-prototypes]
See ‘/data/gannet/ripley/R/packages/tests-devel/largeList.Rcheck/00install.out’ for details.
* used C compiler: ‘gcc (GCC) 12.2.1 20221121 (Red Hat 12.2.1-4)’
* used C++ compiler: ‘g++ (GCC) 12.2.1 20221121 (Red Hat 12.2.1-4)’
Flavor: r-devel-linux-x86_64-fedora-gcc
Version: 0.3.1
Check: whether package can be installed
Result: WARN
Found the following significant warnings:
init.c:19:1: warning: function declaration isn’t a prototype [-Wstrict-prototypes]
See ‘/home/hornik/tmp/R.check/r-patched-gcc/Work/PKGS/largeList.Rcheck/00install.out’ for details.
* used C compiler: ‘gcc-11 (Debian 11.3.0-12) 11.3.0’
* used C++ compiler: ‘g++-11 (Debian 11.3.0-12) 11.3.0’
Flavor: r-patched-linux-x86_64