CRAN Package Check Results for Package lar

Last updated on 2024-06-13 04:52:29 CEST.

Flavor Version Tinstall Tcheck Ttotal Status Flags
r-devel-linux-x86_64-debian-clang 0.1-2 14.54 113.58 128.12 OK
r-devel-linux-x86_64-debian-gcc 0.1-2 0.28 1.64 1.92 ERROR
r-devel-linux-x86_64-fedora-clang 0.1-2 156.97 NOTE
r-devel-linux-x86_64-fedora-gcc 0.1-2 152.08 NOTE
r-devel-windows-x86_64 0.1-2 11.00 88.00 99.00 OK
r-patched-linux-x86_64 0.1-2 17.07 109.99 127.06 OK
r-release-linux-x86_64 0.1-2 12.75 110.33 123.08 OK
r-release-macos-arm64 0.1-2 45.00 OK
r-release-macos-x86_64 0.1-2 75.00 OK
r-release-windows-x86_64 0.1-2 11.00 95.00 106.00 OK
r-oldrel-macos-arm64 0.1-2 52.00 OK
r-oldrel-macos-x86_64 0.1-2 61.00 OK
r-oldrel-windows-x86_64 0.1-2 14.00 102.00 116.00 OK

Check Details

Version: 0.1-2
Check: package dependencies
Result: ERROR Package required but not available: ‘treemap’ See section ‘The DESCRIPTION file’ in the ‘Writing R Extensions’ manual. Flavor: r-devel-linux-x86_64-debian-gcc

Version: 0.1-2
Check: data for non-ASCII characters
Result: NOTE Note: found 6 marked UTF-8 strings Flavors: r-devel-linux-x86_64-fedora-clang, r-devel-linux-x86_64-fedora-gcc