CRAN Package Check Results for Package lans2r

Last updated on 2022-01-27 19:51:03 CET.

Flavor Version Tinstall Tcheck Ttotal Status Flags
r-devel-linux-x86_64-debian-clang 1.1.0 7.10 117.46 124.56 NOTE
r-devel-linux-x86_64-debian-gcc 1.1.0 4.98 86.97 91.95 NOTE
r-devel-linux-x86_64-fedora-clang 1.1.0 149.54 NOTE
r-devel-linux-x86_64-fedora-gcc 1.1.0 133.95 NOTE
r-devel-windows-x86_64-new-UL 1.1.0 65.00 164.00 229.00 NOTE
r-devel-windows-x86_64-new-TK 1.1.0 NOTE
r-patched-linux-x86_64 1.1.0 7.56 109.94 117.50 NOTE
r-release-linux-x86_64 1.1.0 5.82 109.22 115.04 NOTE
r-release-macos-arm64 1.1.0 NOTE
r-release-macos-x86_64 1.1.0 NOTE
r-release-windows-ix86+x86_64 1.1.0 17.00 135.00 152.00 NOTE
r-oldrel-macos-x86_64 1.1.0 OK
r-oldrel-windows-ix86+x86_64 1.1.0 18.00 140.00 158.00 OK

Check Details

Version: 1.1.0
Check: LazyData
Result: NOTE
     'LazyData' is specified without a 'data' directory
Flavors: r-devel-linux-x86_64-debian-clang, r-devel-linux-x86_64-debian-gcc, r-devel-linux-x86_64-fedora-clang, r-devel-linux-x86_64-fedora-gcc, r-devel-windows-x86_64-new-UL, r-devel-windows-x86_64-new-TK, r-patched-linux-x86_64, r-release-linux-x86_64, r-release-macos-arm64, r-release-macos-x86_64, r-release-windows-ix86+x86_64