CRAN Package Check Results for Package lans2r

Last updated on 2022-07-02 17:52:01 CEST.

Flavor Version Tinstall Tcheck Ttotal Status Flags
r-devel-linux-x86_64-debian-clang 1.1.0 8.06 123.52 131.58 NOTE
r-devel-linux-x86_64-debian-gcc 1.1.0 6.63 90.22 96.85 NOTE
r-devel-linux-x86_64-fedora-clang 1.1.0 162.70 NOTE
r-devel-linux-x86_64-fedora-gcc 1.1.0 157.62 NOTE
r-devel-windows-x86_64 1.1.0 40.00 151.00 191.00 NOTE
r-patched-linux-x86_64 1.1.0 6.88 110.93 117.81 NOTE
r-release-linux-x86_64 1.1.0 8.70 116.33 125.03 NOTE
r-release-macos-arm64 1.1.0 57.00 NOTE
r-release-macos-x86_64 1.1.0 117.00 NOTE
r-release-windows-x86_64 1.1.0 52.00 152.00 204.00 NOTE
r-oldrel-macos-arm64 1.1.0 72.00 NOTE
r-oldrel-macos-x86_64 1.1.0 92.00 NOTE
r-oldrel-windows-ix86+x86_64 1.1.0 21.00 148.00 169.00 NOTE

Check Details

Version: 1.1.0
Check: LazyData
Result: NOTE
     'LazyData' is specified without a 'data' directory
Flavors: r-devel-linux-x86_64-debian-clang, r-devel-linux-x86_64-debian-gcc, r-devel-linux-x86_64-fedora-clang, r-devel-linux-x86_64-fedora-gcc, r-devel-windows-x86_64, r-patched-linux-x86_64, r-release-linux-x86_64, r-release-macos-arm64, r-release-macos-x86_64, r-release-windows-x86_64, r-oldrel-macos-arm64, r-oldrel-macos-x86_64, r-oldrel-windows-ix86+x86_64