Last updated on 2023-03-20 12:51:13 CET.
Flavor | Version | Tinstall | Tcheck | Ttotal | Status | Flags |
---|---|---|---|---|---|---|
r-devel-linux-x86_64-debian-clang | 0.1.2 | NOTE | ||||
r-devel-linux-x86_64-debian-gcc | 0.1.2 | 1.80 | 18.53 | 20.33 | NOTE | |
r-devel-linux-x86_64-fedora-clang | 0.1.2 | 34.48 | NOTE | |||
r-devel-linux-x86_64-fedora-gcc | 0.1.2 | 30.92 | NOTE | |||
r-patched-linux-x86_64 | 0.1.2 | 1.89 | 23.70 | 25.59 | NOTE | |
r-release-linux-x86_64 | 0.1.2 | 2.13 | 23.74 | 25.87 | NOTE | |
r-release-macos-arm64 | 0.1.2 | 15.00 | NOTE | |||
r-release-macos-x86_64 | 0.1.2 | 23.00 | NOTE | |||
r-release-windows-x86_64 | 0.1.2 | 7.00 | 45.00 | 52.00 | NOTE | |
r-oldrel-macos-arm64 | 0.1.2 | 18.00 | NOTE | |||
r-oldrel-macos-x86_64 | 0.1.2 | 26.00 | NOTE | |||
r-oldrel-windows-ix86+x86_64 | 0.1.2 | 6.00 | 53.00 | 59.00 | NOTE |
Version: 0.1.2
Check: LazyData
Result: NOTE
'LazyData' is specified without a 'data' directory
Flavors: r-devel-linux-x86_64-debian-clang, r-devel-linux-x86_64-debian-gcc, r-devel-linux-x86_64-fedora-clang, r-devel-linux-x86_64-fedora-gcc, r-patched-linux-x86_64, r-release-linux-x86_64, r-release-macos-arm64, r-release-macos-x86_64, r-release-windows-x86_64, r-oldrel-macos-arm64, r-oldrel-macos-x86_64, r-oldrel-windows-ix86+x86_64