Last updated on 2022-08-08 16:54:28 CEST.
Flavor | Version | Tinstall | Tcheck | Ttotal | Status | Flags |
---|---|---|---|---|---|---|
r-devel-linux-x86_64-debian-clang | 1.1.2 | 87.43 | 203.02 | 290.45 | OK | |
r-devel-linux-x86_64-debian-gcc | 1.1.2 | 68.15 | 148.58 | 216.73 | OK | |
r-devel-linux-x86_64-fedora-clang | 1.1.2 | 369.78 | NOTE | |||
r-devel-linux-x86_64-fedora-gcc | 1.1.2 | 349.29 | OK | |||
r-devel-windows-x86_64 | 1.1.2 | 121.00 | 258.00 | 379.00 | NOTE | |
r-patched-linux-x86_64 | 1.1.2 | 61.61 | 184.95 | 246.56 | OK | |
r-release-linux-x86_64 | 1.1.2 | OK | ||||
r-release-macos-arm64 | 1.1.2 | 94.00 | NOTE | |||
r-release-macos-x86_64 | 1.1.2 | 196.00 | NOTE | |||
r-release-windows-x86_64 | 1.1.2 | 123.00 | 264.00 | 387.00 | NOTE | |
r-oldrel-macos-arm64 | 1.1.2 | 104.00 | NOTE | |||
r-oldrel-macos-x86_64 | 1.1.2 | 124.00 | NOTE | |||
r-oldrel-windows-ix86+x86_64 | 1.1.2 | 184.00 | 307.00 | 491.00 | NOTE |
Version: 1.1.2
Check: installed package size
Result: NOTE
installed size is 5.6Mb
sub-directories of 1Mb or more:
libs 1.6Mb
shiny-landsepi 1.3Mb
Flavors: r-devel-linux-x86_64-fedora-clang, r-devel-windows-x86_64, r-release-macos-arm64, r-release-macos-x86_64, r-release-windows-x86_64, r-oldrel-macos-arm64, r-oldrel-macos-x86_64, r-oldrel-windows-ix86+x86_64