Last updated on 2023-06-06 17:00:48 CEST.
Flavor | Version | Tinstall | Tcheck | Ttotal | Status | Flags |
---|---|---|---|---|---|---|
r-devel-linux-x86_64-debian-clang | 1.2.5 | 96.24 | 234.81 | 331.05 | OK | |
r-devel-linux-x86_64-debian-gcc | 1.2.5 | 76.16 | 177.64 | 253.80 | OK | |
r-devel-linux-x86_64-fedora-clang | 1.2.5 | 442.87 | OK | |||
r-devel-linux-x86_64-fedora-gcc | 1.2.5 | 449.11 | OK | |||
r-devel-windows-x86_64 | 1.2.5 | 71.00 | 237.00 | 308.00 | NOTE | |
r-patched-linux-x86_64 | 1.2.5 | 73.71 | 221.43 | 295.14 | OK | |
r-release-linux-x86_64 | 1.2.5 | 59.32 | 222.62 | 281.94 | OK | |
r-release-macos-arm64 | 1.2.5 | 137.00 | NOTE | |||
r-release-macos-x86_64 | 1.2.5 | 213.00 | NOTE | |||
r-release-windows-x86_64 | 1.2.5 | 96.00 | 288.00 | 384.00 | NOTE | |
r-oldrel-macos-arm64 | 1.2.5 | 90.00 | NOTE | |||
r-oldrel-macos-x86_64 | 1.2.5 | 145.00 | NOTE | |||
r-oldrel-windows-x86_64 | 1.2.5 | 90.00 | 269.00 | 359.00 | NOTE |
Version: 1.2.5
Check: installed package size
Result: NOTE
installed size is 6.1Mb
sub-directories of 1Mb or more:
doc 1.1Mb
libs 1.7Mb
shiny-landsepi 1.3Mb
Flavors: r-devel-windows-x86_64, r-release-macos-arm64, r-release-macos-x86_64, r-release-windows-x86_64, r-oldrel-macos-arm64, r-oldrel-macos-x86_64, r-oldrel-windows-x86_64